Last updated on 2022-06-27 11:50:45 CEST.
Flavor | Version | Tinstall | Tcheck | Ttotal | Status | Flags |
---|---|---|---|---|---|---|
r-devel-linux-x86_64-debian-clang | 1.2.0 | 16.67 | 124.29 | 140.96 | OK | |
r-devel-linux-x86_64-debian-gcc | 1.2.0 | 12.50 | 91.33 | 103.83 | OK | |
r-devel-linux-x86_64-fedora-clang | 1.2.0 | 181.23 | WARN | |||
r-devel-linux-x86_64-fedora-gcc | 1.2.0 | 172.57 | WARN | |||
r-devel-windows-x86_64 | 1.2.0 | 24.00 | 139.00 | 163.00 | OK | |
r-patched-linux-x86_64 | 1.2.0 | 16.11 | 119.63 | 135.74 | OK | |
r-release-linux-x86_64 | 1.2.0 | 14.43 | 117.02 | 131.45 | OK | |
r-release-macos-arm64 | 1.2.0 | 42.00 | OK | |||
r-release-macos-x86_64 | 1.2.0 | 63.00 | OK | |||
r-release-windows-x86_64 | 1.2.0 | 26.00 | 140.00 | 166.00 | OK | |
r-oldrel-macos-arm64 | 1.2.0 | 52.00 | OK | |||
r-oldrel-macos-x86_64 | 1.2.0 | 88.00 | OK | |||
r-oldrel-windows-ix86+x86_64 | 1.2.0 | 30.00 | 138.00 | 168.00 | OK |
Version: 1.2.0
Check: package dependencies
Result: WARN
Requires (indirectly) orphaned package: ‘gtools’
Flavors: r-devel-linux-x86_64-fedora-clang, r-devel-linux-x86_64-fedora-gcc