Last updated on 2025-04-29 12:52:37 CEST.
Flavor | Version | Tinstall | Tcheck | Ttotal | Status | Flags |
---|---|---|---|---|---|---|
r-devel-linux-x86_64-debian-clang | 1.9-86-5 | 25.05 | 90.35 | 115.40 | NOTE | |
r-devel-linux-x86_64-debian-gcc | 1.9-86-5 | 18.58 | 63.98 | 82.56 | NOTE | |
r-devel-linux-x86_64-fedora-clang | 1.9-86-5 | 207.44 | OK | |||
r-devel-linux-x86_64-fedora-gcc | 1.9-86-5 | 190.25 | OK | |||
r-devel-windows-x86_64 | 1.9-86-5 | 16.00 | 77.00 | 93.00 | OK | |
r-patched-linux-x86_64 | 1.9-86-5 | 24.24 | 85.82 | 110.06 | OK | |
r-release-linux-x86_64 | 1.9-86-5 | 25.86 | 86.50 | 112.36 | OK | |
r-release-macos-arm64 | 1.9-86-5 | 105.00 | OK | |||
r-release-macos-x86_64 | 1.9-86-5 | 89.00 | OK | |||
r-release-windows-x86_64 | 1.9-86-5 | 19.00 | 78.00 | 97.00 | OK | |
r-oldrel-macos-arm64 | 1.9-86-5 | 76.00 | OK | |||
r-oldrel-macos-x86_64 | 1.9-86-5 | 90.00 | OK | |||
r-oldrel-windows-x86_64 | 1.9-86-5 | 16.00 | 79.00 | 95.00 | OK |
Version: 1.9-86-5
Check: CRAN incoming feasibility
Result: NOTE
Maintainer: ‘Maxime HERVE <maxime.herve@univ-rennes1.fr>’
No Authors@R field in DESCRIPTION.
Please add one, modifying
Authors@R: person(given = "Maxime",
family = "HERVE",
role = c("aut", "cre"),
email = "maxime.herve@univ-rennes1.fr")
as necessary.
Flavors: r-devel-linux-x86_64-debian-clang, r-devel-linux-x86_64-debian-gcc