Last updated on 2022-06-26 11:52:33 CEST.
Flavor | Version | Tinstall | Tcheck | Ttotal | Status | Flags |
---|---|---|---|---|---|---|
r-devel-linux-x86_64-debian-clang | 0.4.0 | 73.40 | 82.69 | 156.09 | OK | |
r-devel-linux-x86_64-debian-gcc | 0.4.0 | 59.63 | 53.30 | 112.93 | OK | |
r-devel-linux-x86_64-fedora-clang | 0.4.0 | 228.26 | NOTE | |||
r-devel-linux-x86_64-fedora-gcc | 0.4.0 | 198.19 | OK | |||
r-devel-windows-x86_64 | 0.4.0 | 89.00 | 129.00 | 218.00 | OK | |
r-patched-linux-x86_64 | 0.4.0 | 62.85 | 69.33 | 132.18 | OK | |
r-release-linux-x86_64 | 0.4.0 | 57.45 | 70.08 | 127.53 | OK | |
r-release-macos-arm64 | 0.4.0 | 50.00 | NOTE | |||
r-release-macos-x86_64 | 0.4.0 | 67.00 | NOTE | |||
r-release-windows-x86_64 | 0.4.0 | 82.00 | 124.00 | 206.00 | OK | |
r-oldrel-macos-arm64 | 0.4.0 | 56.00 | NOTE | |||
r-oldrel-macos-x86_64 | 0.4.0 | 77.00 | NOTE | |||
r-oldrel-windows-ix86+x86_64 | 0.4.0 | 166.00 | 149.00 | 315.00 | OK |
Version: 0.4.0
Check: installed package size
Result: NOTE
installed size is 6.3Mb
sub-directories of 1Mb or more:
data 1.4Mb
libs 4.5Mb
Flavors: r-devel-linux-x86_64-fedora-clang, r-release-macos-arm64, r-release-macos-x86_64, r-oldrel-macos-arm64, r-oldrel-macos-x86_64