CRAN Package Check Results for Package GoogleKnowledgeGraphR

Last updated on 2022-07-05 11:49:54 CEST.

Flavor Version Tinstall Tcheck Ttotal Status Flags
r-devel-linux-x86_64-debian-clang 0.1.0 2.21 23.89 26.10 NOTE
r-devel-linux-x86_64-debian-gcc 0.1.0 1.69 18.92 20.61 NOTE
r-devel-linux-x86_64-fedora-clang 0.1.0 44.52 NOTE
r-devel-linux-x86_64-fedora-gcc 0.1.0 41.94 NOTE
r-devel-windows-x86_64 0.1.0 34.00 110.00 144.00 NOTE
r-patched-linux-x86_64 0.1.0 2.19 23.84 26.03 NOTE
r-release-linux-x86_64 0.1.0 1.47 23.62 25.09 NOTE
r-release-macos-arm64 0.1.0 18.00 NOTE
r-release-macos-x86_64 0.1.0 22.00 NOTE
r-release-windows-x86_64 0.1.0 33.00 51.00 84.00 NOTE
r-oldrel-macos-arm64 0.1.0 22.00 NOTE
r-oldrel-macos-x86_64 0.1.0 31.00 NOTE
r-oldrel-windows-ix86+x86_64 0.1.0 5.00 42.00 47.00 NOTE

Check Details

Version: 0.1.0
Check: LazyData
Result: NOTE
     'LazyData' is specified without a 'data' directory
Flavors: r-devel-linux-x86_64-debian-clang, r-devel-linux-x86_64-debian-gcc, r-devel-linux-x86_64-fedora-clang, r-devel-linux-x86_64-fedora-gcc, r-devel-windows-x86_64, r-patched-linux-x86_64, r-release-linux-x86_64, r-release-macos-arm64, r-release-macos-x86_64, r-release-windows-x86_64, r-oldrel-macos-arm64, r-oldrel-macos-x86_64, r-oldrel-windows-ix86+x86_64