Last updated on 2023-03-23 10:54:31 CET.
Flavor | Version | Tinstall | Tcheck | Ttotal | Status | Flags |
---|---|---|---|---|---|---|
r-devel-linux-x86_64-debian-clang | 1.0.1 | 2.46 | 26.17 | 28.63 | NOTE | |
r-devel-linux-x86_64-debian-gcc | 1.0.1 | 1.78 | 21.35 | 23.13 | NOTE | |
r-devel-linux-x86_64-fedora-clang | 1.0.1 | 37.68 | NOTE | |||
r-devel-linux-x86_64-fedora-gcc | 1.0.1 | 36.01 | NOTE | |||
r-devel-windows-x86_64 | 1.0.1 | 17.00 | 51.00 | 68.00 | OK | |
r-patched-linux-x86_64 | 1.0.1 | 2.41 | 28.49 | 30.90 | NOTE | |
r-release-linux-x86_64 | 1.0.1 | 1.44 | 29.67 | 31.11 | NOTE | |
r-release-macos-arm64 | 1.0.1 | 16.00 | OK | |||
r-release-macos-x86_64 | 1.0.1 | 30.00 | OK | |||
r-release-windows-x86_64 | 1.0.1 | 5.00 | 46.00 | 51.00 | OK | |
r-oldrel-macos-arm64 | 1.0.1 | 28.00 | OK | |||
r-oldrel-macos-x86_64 | 1.0.1 | 31.00 | OK | |||
r-oldrel-windows-ix86+x86_64 | 1.0.1 | 5.00 | 37.00 | 42.00 | OK |
Version: 1.0.1
Check: Rd cross-references
Result: NOTE
Unknown package ‘IC2’ in Rd xrefs
Flavors: r-devel-linux-x86_64-debian-clang, r-devel-linux-x86_64-debian-gcc, r-devel-linux-x86_64-fedora-gcc, r-patched-linux-x86_64, r-release-linux-x86_64
Version: 1.0.1
Check: Rd cross-references
Result: NOTE
Undeclared packages ‘ineq’, ‘IC2’ in Rd xrefs
Unknown package ‘IC2’ in Rd xrefs
Flavor: r-devel-linux-x86_64-fedora-clang