Last updated on 2024-04-19 11:56:47 CEST.
Flavor | Version | Tinstall | Tcheck | Ttotal | Status | Flags |
---|---|---|---|---|---|---|
r-devel-linux-x86_64-debian-clang | 0.1.0 | 3.64 | 23.68 | 27.32 | OK | |
r-devel-linux-x86_64-debian-gcc | 0.1.0 | OK | ||||
r-devel-linux-x86_64-fedora-clang | 0.1.0 | 35.36 | NOTE | |||
r-devel-linux-x86_64-fedora-gcc | 0.1.0 | 33.29 | NOTE | |||
r-prerel-macos-arm64 | 0.1.0 | 16.00 | OK | |||
r-prerel-windows-x86_64 | 0.1.0 | 4.00 | 43.00 | 47.00 | OK | |
r-patched-linux-x86_64 | 0.1.0 | 4.66 | 23.74 | 28.40 | OK | |
r-release-linux-x86_64 | 0.1.0 | 4.20 | 23.26 | 27.46 | OK | |
r-release-macos-arm64 | 0.1.0 | 17.00 | OK | |||
r-release-macos-x86_64 | 0.1.0 | 22.00 | OK | |||
r-release-windows-x86_64 | 0.1.0 | 5.00 | 41.00 | 46.00 | OK | |
r-oldrel-macos-arm64 | 0.1.0 | 19.00 | OK | |||
r-oldrel-windows-x86_64 | 0.1.0 | 6.00 | 46.00 | 52.00 | OK |
Version: 0.1.0
Check: dependencies in R code
Result: NOTE
Namespace in Imports field not imported from: ‘R6’
All declared Imports should be used.
Flavors: r-devel-linux-x86_64-fedora-clang, r-devel-linux-x86_64-fedora-gcc