Last updated on 2022-07-01 11:52:01 CEST.
Flavor | Version | Tinstall | Tcheck | Ttotal | Status | Flags |
---|---|---|---|---|---|---|
r-devel-linux-x86_64-debian-clang | 0.2.0 | 3.47 | 38.02 | 41.49 | OK | |
r-devel-linux-x86_64-debian-gcc | 0.2.0 | 3.82 | 28.33 | 32.15 | OK | |
r-devel-linux-x86_64-fedora-clang | 0.2.0 | 62.80 | NOTE | |||
r-devel-linux-x86_64-fedora-gcc | 0.2.0 | 61.42 | OK | |||
r-devel-windows-x86_64 | 0.2.0 | 18.00 | 63.00 | 81.00 | OK | |
r-patched-linux-x86_64 | 0.2.0 | 4.88 | 37.32 | 42.20 | OK | |
r-release-linux-x86_64 | 0.2.0 | 3.54 | 36.19 | 39.73 | OK | |
r-release-macos-arm64 | 0.2.0 | 18.00 | OK | |||
r-release-macos-x86_64 | 0.2.0 | 26.00 | OK | |||
r-release-windows-x86_64 | 0.2.0 | 26.00 | 64.00 | 90.00 | OK | |
r-oldrel-macos-arm64 | 0.2.0 | 29.00 | OK | |||
r-oldrel-macos-x86_64 | 0.2.0 | 25.00 | OK | |||
r-oldrel-windows-ix86+x86_64 | 0.2.0 | 10.00 | 58.00 | 68.00 | OK |
Version: 0.2.0
Check: Rd cross-references
Result: NOTE
Undeclared package ‘RiemBase’ in Rd xrefs
Flavor: r-devel-linux-x86_64-fedora-clang