Last updated on 2025-05-12 13:50:14 CEST.
Flavor | Version | Tinstall | Tcheck | Ttotal | Status | Flags |
---|---|---|---|---|---|---|
r-devel-linux-x86_64-debian-clang | 0.1.0 | 4.36 | 44.62 | 48.98 | OK | |
r-devel-linux-x86_64-debian-gcc | 0.1.0 | 2.91 | 32.60 | 35.51 | OK | |
r-devel-linux-x86_64-fedora-clang | 0.1.0 | 74.98 | NOTE | |||
r-devel-linux-x86_64-fedora-gcc | 0.1.0 | 73.11 | NOTE | |||
r-devel-windows-x86_64 | 0.1.0 | 5.00 | 63.00 | 68.00 | OK | |
r-patched-linux-x86_64 | 0.1.0 | 4.64 | 42.58 | 47.22 | OK | |
r-release-linux-x86_64 | 0.1.0 | 3.90 | 42.77 | 46.67 | OK | |
r-release-macos-arm64 | 0.1.0 | 32.00 | OK | |||
r-release-macos-x86_64 | 0.1.0 | 50.00 | OK | |||
r-release-windows-x86_64 | 0.1.0 | 6.00 | 65.00 | 71.00 | OK | |
r-oldrel-macos-arm64 | 0.1.0 | 25.00 | OK | |||
r-oldrel-macos-x86_64 | 0.1.0 | 36.00 | OK | |||
r-oldrel-windows-x86_64 | 0.1.0 | 7.00 | 76.00 | 83.00 | OK |
Version: 0.1.0
Check: dependencies in R code
Result: NOTE
Namespace in Imports field not imported from: ‘velociraptr’
All declared Imports should be used.
Flavors: r-devel-linux-x86_64-fedora-clang, r-devel-linux-x86_64-fedora-gcc