CRAN Package Check Results for Package GeoRange

Last updated on 2022-10-02 13:50:42 CEST.

Flavor Version Tinstall Tcheck Ttotal Status Flags
r-devel-linux-x86_64-debian-clang 0.1.0 4.24 55.33 59.57 OK
r-devel-linux-x86_64-debian-gcc 0.1.0 4.01 42.32 46.33 OK
r-devel-linux-x86_64-fedora-clang 0.1.0 85.72 NOTE
r-devel-linux-x86_64-fedora-gcc 0.1.0 84.17 NOTE
r-devel-windows-x86_64 0.1.0 18.00 89.00 107.00 OK
r-patched-linux-x86_64 0.1.0 4.61 55.76 60.37 OK
r-release-linux-x86_64 0.1.0 4.21 54.04 58.25 OK
r-release-macos-arm64 0.1.0 25.00 NOTE
r-release-macos-x86_64 0.1.0 42.00 NOTE
r-release-windows-x86_64 0.1.0 15.00 84.00 99.00 OK
r-oldrel-macos-arm64 0.1.0 30.00 NOTE
r-oldrel-macos-x86_64 0.1.0 36.00 NOTE
r-oldrel-windows-ix86+x86_64 0.1.0 11.00 80.00 91.00 OK

Check Details

Version: 0.1.0
Check: dependencies in R code
Result: NOTE
    Namespace in Imports field not imported from: ‘velociraptr’
     All declared Imports should be used.
Flavors: r-devel-linux-x86_64-fedora-clang, r-devel-linux-x86_64-fedora-gcc, r-release-macos-arm64, r-release-macos-x86_64, r-oldrel-macos-arm64, r-oldrel-macos-x86_64