Last updated on 2025-05-12 13:50:13 CEST.
Flavor | Version | Tinstall | Tcheck | Ttotal | Status | Flags |
---|---|---|---|---|---|---|
r-devel-linux-x86_64-debian-clang | 1.3.1 | 43.85 | 106.93 | 150.78 | OK | |
r-devel-linux-x86_64-debian-gcc | 1.3.1 | 30.96 | 76.87 | 107.83 | OK | |
r-devel-linux-x86_64-fedora-clang | 1.3.1 | 260.76 | OK | |||
r-devel-linux-x86_64-fedora-gcc | 1.3.1 | 273.03 | OK | |||
r-devel-windows-x86_64 | 1.3.1 | 56.00 | 127.00 | 183.00 | OK | |
r-patched-linux-x86_64 | 1.3.1 | 44.19 | 100.50 | 144.69 | OK | |
r-release-linux-x86_64 | 1.3.1 | 41.83 | 101.77 | 143.60 | OK | |
r-release-macos-arm64 | 1.3.1 | 81.00 | OK | |||
r-release-macos-x86_64 | 1.3.1 | 140.00 | OK | |||
r-release-windows-x86_64 | 1.3.1 | 55.00 | 128.00 | 183.00 | OK | |
r-oldrel-macos-arm64 | 1.3.1 | 49.00 | NOTE | |||
r-oldrel-macos-x86_64 | 1.3.1 | 79.00 | NOTE | |||
r-oldrel-windows-x86_64 | 1.3.1 | 64.00 | 162.00 | 226.00 | NOTE |
Version: 1.3.1
Check: for GNU extensions in Makefiles
Result: NOTE
GNU make is a SystemRequirements.
Flavors: r-oldrel-macos-arm64, r-oldrel-macos-x86_64, r-oldrel-windows-x86_64