Last updated on 2024-08-16 12:49:09 CEST.
Flavor | Version | Tinstall | Tcheck | Ttotal | Status | Flags |
---|---|---|---|---|---|---|
r-devel-linux-x86_64-debian-clang | 1.0.1 | 11.88 | 202.36 | 214.24 | OK | |
r-devel-linux-x86_64-debian-gcc | 1.0.1 | 8.52 | 141.60 | 150.12 | OK | |
r-devel-linux-x86_64-fedora-clang | 1.0.1 | 332.45 | NOTE | |||
r-devel-linux-x86_64-fedora-gcc | 1.0.1 | 348.88 | OK | |||
r-devel-windows-x86_64 | 1.0.1 | 28.00 | 195.00 | 223.00 | OK | |
r-patched-linux-x86_64 | 1.0.1 | 12.00 | 188.91 | 200.91 | OK | |
r-release-linux-x86_64 | 1.0.1 | 11.14 | 190.07 | 201.21 | OK | |
r-release-macos-arm64 | 1.0.1 | 104.00 | OK | |||
r-release-macos-x86_64 | 1.0.1 | 158.00 | OK | |||
r-release-windows-x86_64 | 1.0.1 | 27.00 | 196.00 | 223.00 | OK | |
r-oldrel-macos-arm64 | 1.0.1 | 117.00 | NOTE | |||
r-oldrel-macos-x86_64 | 1.0.1 | 315.00 | NOTE | |||
r-oldrel-windows-x86_64 | 1.0.1 | 36.00 | 256.00 | 292.00 | OK |
Version: 1.0.1
Check: package dependencies
Result: NOTE
Package which this enhances but not available for checking: ‘simplifyEnrichment’
Flavors: r-devel-linux-x86_64-fedora-clang, r-oldrel-macos-arm64, r-oldrel-macos-x86_64