CRAN Package Check Results for Package GeneF

Last updated on 2025-04-29 12:52:37 CEST.

Flavor Version Tinstall Tcheck Ttotal Status Flags
r-devel-linux-x86_64-debian-clang 1.0.1 1.78 20.91 22.69 NOTE
r-devel-linux-x86_64-debian-gcc 1.0.1 1.30 15.72 17.02 NOTE
r-devel-linux-x86_64-fedora-clang 1.0.1 35.93 NOTE
r-devel-linux-x86_64-fedora-gcc 1.0.1 34.30 NOTE
r-devel-windows-x86_64 1.0.1 4.00 38.00 42.00 NOTE
r-patched-linux-x86_64 1.0.1 1.61 20.03 21.64 NOTE
r-release-linux-x86_64 1.0.1 1.72 19.62 21.34 NOTE
r-release-macos-arm64 1.0.1 17.00 NOTE
r-release-macos-x86_64 1.0.1 24.00 NOTE
r-release-windows-x86_64 1.0.1 4.00 38.00 42.00 NOTE
r-oldrel-macos-arm64 1.0.1 14.00 NOTE
r-oldrel-macos-x86_64 1.0.1 21.00 NOTE
r-oldrel-windows-x86_64 1.0.1 4.00 38.00 42.00 NOTE

Check Details

Version: 1.0.1
Check: Rd files
Result: NOTE checkRd: (-1) GeneF-internal.Rd:40: Lost braces; missing escapes or markup? 40 | \author{Yinglei Lai {ylai@gwu.edu}} | ^ checkRd: (-1) flexorhtest.Rd:57: Lost braces; missing escapes or markup? 57 | \author{Yinglei Lai {ylai@gwu.edu}} | ^ checkRd: (-1) flexorhtest.pvalue.Rd:57: Lost braces; missing escapes or markup? 57 | \author{Yinglei Lai {ylai@gwu.edu}} | ^ Flavors: r-devel-linux-x86_64-debian-clang, r-devel-linux-x86_64-debian-gcc, r-devel-linux-x86_64-fedora-clang, r-devel-linux-x86_64-fedora-gcc, r-devel-windows-x86_64, r-patched-linux-x86_64, r-release-linux-x86_64, r-release-macos-arm64, r-release-macos-x86_64, r-release-windows-x86_64, r-oldrel-macos-arm64, r-oldrel-macos-x86_64, r-oldrel-windows-x86_64