Last updated on 2025-04-29 12:52:37 CEST.
Flavor | Version | Tinstall | Tcheck | Ttotal | Status | Flags |
---|---|---|---|---|---|---|
r-devel-linux-x86_64-debian-clang | 1.0 | 2.28 | 21.49 | 23.77 | NOTE | |
r-devel-linux-x86_64-debian-gcc | 1.0 | 1.69 | 16.56 | 18.25 | NOTE | |
r-devel-linux-x86_64-fedora-clang | 1.0 | 35.76 | OK | |||
r-devel-linux-x86_64-fedora-gcc | 1.0 | 34.22 | OK | |||
r-devel-windows-x86_64 | 1.0 | 3.00 | 40.00 | 43.00 | OK | |
r-patched-linux-x86_64 | 1.0 | 2.39 | 20.23 | 22.62 | OK | |
r-release-linux-x86_64 | 1.0 | 2.18 | 19.93 | 22.11 | OK | |
r-release-macos-arm64 | 1.0 | 15.00 | OK | |||
r-release-macos-x86_64 | 1.0 | 26.00 | OK | |||
r-release-windows-x86_64 | 1.0 | 4.00 | 40.00 | 44.00 | OK | |
r-oldrel-macos-arm64 | 1.0 | 16.00 | OK | |||
r-oldrel-macos-x86_64 | 1.0 | 26.00 | OK | |||
r-oldrel-windows-x86_64 | 1.0 | 4.00 | 41.00 | 45.00 | OK |
Version: 1.0
Check: CRAN incoming feasibility
Result: NOTE
Maintainer: ‘Carlos Biagolini-Jr.<c.biagolini@gmail.com>’
No Authors@R field in DESCRIPTION.
Please add one, modifying
Authors@R: person(given = "Carlos",
family = "Biagolini-Jr.",
role = c("aut", "cre"),
email = "c.biagolini@gmail.com")
as necessary.
Flavors: r-devel-linux-x86_64-debian-clang, r-devel-linux-x86_64-debian-gcc