CRAN Package Check Results for Package GWI

Last updated on 2022-07-04 12:54:11 CEST.

Flavor Version Tinstall Tcheck Ttotal Status Flags
r-devel-linux-x86_64-debian-clang 1.0.2 1.66 21.28 22.94 NOTE
r-devel-linux-x86_64-debian-gcc 1.0.2 1.55 16.56 18.11 NOTE
r-devel-linux-x86_64-fedora-clang 1.0.2 38.88 NOTE
r-devel-linux-x86_64-fedora-gcc 1.0.2 38.23 NOTE
r-devel-windows-x86_64 1.0.2 13.00 42.00 55.00 NOTE
r-patched-linux-x86_64 1.0.2 2.11 21.02 23.13 NOTE
r-release-linux-x86_64 1.0.2 1.44 20.36 21.80 NOTE
r-release-macos-arm64 1.0.2 13.00 NOTE
r-release-macos-x86_64 1.0.2 18.00 NOTE
r-release-windows-x86_64 1.0.2 7.00 42.00 49.00 NOTE
r-oldrel-macos-arm64 1.0.2 17.00 NOTE
r-oldrel-macos-x86_64 1.0.2 29.00 NOTE
r-oldrel-windows-ix86+x86_64 1.0.2 6.00 35.00 41.00 NOTE

Check Details

Version: 1.0.2
Check: LazyData
Result: NOTE
     'LazyData' is specified without a 'data' directory
Flavors: r-devel-linux-x86_64-debian-clang, r-devel-linux-x86_64-debian-gcc, r-devel-linux-x86_64-fedora-clang, r-devel-linux-x86_64-fedora-gcc, r-devel-windows-x86_64, r-patched-linux-x86_64, r-release-linux-x86_64, r-release-macos-arm64, r-release-macos-x86_64, r-release-windows-x86_64, r-oldrel-macos-arm64, r-oldrel-macos-x86_64, r-oldrel-windows-ix86+x86_64