Last updated on 2024-04-22 12:55:41 CEST.
Flavor | Version | Tinstall | Tcheck | Ttotal | Status | Flags |
---|---|---|---|---|---|---|
r-devel-linux-x86_64-debian-clang | 1.2.5 | 36.35 | 69.87 | 106.22 | OK | |
r-devel-linux-x86_64-debian-gcc | 1.2.5 | 26.76 | 55.17 | 81.93 | OK | |
r-devel-linux-x86_64-fedora-clang | 1.2.5 | 147.98 | OK | |||
r-devel-linux-x86_64-fedora-gcc | 1.2.5 | 143.29 | OK | |||
r-prerel-macos-arm64 | 1.2.5 | 41.00 | NOTE | |||
r-prerel-windows-x86_64 | 1.2.5 | 30.00 | 90.00 | 120.00 | OK | |
r-patched-linux-x86_64 | 1.2.5 | 37.45 | 70.47 | 107.92 | OK | |
r-release-linux-x86_64 | 1.2.5 | 35.58 | 66.29 | 101.87 | OK | |
r-release-macos-arm64 | 1.2.5 | 50.00 | NOTE | |||
r-release-macos-x86_64 | 1.2.5 | 113.00 | NOTE | |||
r-release-windows-x86_64 | 1.2.5 | 36.00 | 108.00 | 144.00 | OK | |
r-oldrel-macos-arm64 | 1.2.5 | 51.00 | NOTE | |||
r-oldrel-windows-x86_64 | 1.2.5 | 35.00 | 111.00 | 146.00 | OK |
Version: 1.2.5
Check: installed package size
Result: NOTE
installed size is 5.4Mb
sub-directories of 1Mb or more:
extdata 2.5Mb
libs 2.3Mb
Flavors: r-prerel-macos-arm64, r-release-macos-arm64, r-release-macos-x86_64, r-oldrel-macos-arm64