Last updated on 2024-04-18 12:52:46 CEST.
Flavor | Version | Tinstall | Tcheck | Ttotal | Status | Flags |
---|---|---|---|---|---|---|
r-devel-linux-x86_64-debian-clang | 4.2-1 | 97.59 | 84.58 | 182.17 | OK | |
r-devel-linux-x86_64-debian-gcc | 4.2-1 | 78.70 | 62.75 | 141.45 | OK | |
r-devel-linux-x86_64-fedora-clang | 4.2-1 | 252.70 | OK | |||
r-devel-linux-x86_64-fedora-gcc | 4.2-1 | 253.07 | OK | |||
r-prerel-macos-arm64 | 4.2-1 | 57.00 | OK | |||
r-prerel-windows-x86_64 | 4.2-1 | 77.00 | 96.00 | 173.00 | OK | |
r-patched-linux-x86_64 | 4.2-1 | 97.24 | 78.93 | 176.17 | OK | |
r-release-linux-x86_64 | 4.2-1 | 100.70 | 79.94 | 180.64 | OK | |
r-release-macos-arm64 | 4.2-1 | 68.00 | NOTE | |||
r-release-macos-x86_64 | 4.2-1 | 112.00 | NOTE | |||
r-release-windows-x86_64 | 4.2-1 | 100.00 | 121.00 | 221.00 | OK | |
r-oldrel-macos-arm64 | 4.2-1 | 61.00 | NOTE | |||
r-oldrel-windows-x86_64 | 4.2-1 | 98.00 | 124.00 | 222.00 | OK |
Version: 4.2-1
Check: installed package size
Result: NOTE
installed size is 5.2Mb
sub-directories of 1Mb or more:
libs 4.6Mb
Flavors: r-release-macos-arm64, r-release-macos-x86_64, r-oldrel-macos-arm64