CRAN Package Check Results for Package GSAQ

Last updated on 2025-04-29 12:52:38 CEST.

Flavor Version Tinstall Tcheck Ttotal Status Flags
r-devel-linux-x86_64-debian-clang 1.0 2.48 22.18 24.66 NOTE
r-devel-linux-x86_64-debian-gcc 1.0 1.83 17.58 19.41 NOTE
r-devel-linux-x86_64-fedora-clang 1.0 38.62 OK
r-devel-linux-x86_64-fedora-gcc 1.0 36.96 OK
r-devel-windows-x86_64 1.0 3.00 40.00 43.00 OK
r-patched-linux-x86_64 1.0 2.50 21.03 23.53 OK
r-release-linux-x86_64 1.0 2.34 21.03 23.37 OK
r-release-macos-arm64 1.0 16.00 OK
r-release-macos-x86_64 1.0 26.00 OK
r-release-windows-x86_64 1.0 3.00 40.00 43.00 OK
r-oldrel-macos-arm64 1.0 15.00 OK
r-oldrel-macos-x86_64 1.0 21.00 OK
r-oldrel-windows-x86_64 1.0 3.00 40.00 43.00 OK

Check Details

Version: 1.0
Check: CRAN incoming feasibility
Result: NOTE Maintainer: ‘Samarendra Das <samarendra.das@icar.gov.in>’ No Authors@R field in DESCRIPTION. Please add one, modifying Authors@R: person(given = "Samarendra", family = "Das", role = c("aut", "cre"), email = "samarendra.das@icar.gov.in") as necessary. Flavors: r-devel-linux-x86_64-debian-clang, r-devel-linux-x86_64-debian-gcc