Last updated on 2025-04-29 12:52:38 CEST.
Flavor | Version | Tinstall | Tcheck | Ttotal | Status | Flags |
---|---|---|---|---|---|---|
r-devel-linux-x86_64-debian-clang | 1.2 | 2.24 | 37.13 | 39.37 | NOTE | |
r-devel-linux-x86_64-debian-gcc | 1.2 | 1.76 | 26.17 | 27.93 | NOTE | |
r-devel-linux-x86_64-fedora-clang | 1.2 | 65.62 | NOTE | |||
r-devel-linux-x86_64-fedora-gcc | 1.2 | 62.26 | NOTE | |||
r-devel-windows-x86_64 | 1.2 | 3.00 | 55.00 | 58.00 | NOTE | |
r-patched-linux-x86_64 | 1.2 | 2.61 | 34.96 | 37.57 | NOTE | |
r-release-linux-x86_64 | 1.2 | 2.48 | 34.50 | 36.98 | NOTE | |
r-release-macos-arm64 | 1.2 | 21.00 | NOTE | |||
r-release-macos-x86_64 | 1.2 | 39.00 | NOTE | |||
r-release-windows-x86_64 | 1.2 | 4.00 | 56.00 | 60.00 | NOTE | |
r-oldrel-macos-arm64 | 1.2 | 21.00 | NOTE | |||
r-oldrel-macos-x86_64 | 1.2 | 33.00 | NOTE | |||
r-oldrel-windows-x86_64 | 1.2 | 3.00 | 56.00 | 59.00 | NOTE |
Version: 1.2
Check: CRAN incoming feasibility
Result: NOTE
Maintainer: ‘Jae H. Kim <jaekim8080@gmail.com>’
No Authors@R field in DESCRIPTION.
Please add one, modifying
Authors@R: person(given = c("Jae", "H."),
family = "Kim",
role = c("aut", "cre"),
email = "jaekim8080@gmail.com")
as necessary.
File 'R/GRS.test-internal.R' sets .Random.seed.
This is usually neither needed nor wanted.
Flavors: r-devel-linux-x86_64-debian-clang, r-devel-linux-x86_64-debian-gcc
Version: 1.2
Check: Rd files
Result: NOTE
checkRd: (-1) GRS.Powerfunc.Rd:22: Lost braces
22 | {Power: }{Matrix of power values plotted}
| ^
Flavors: r-devel-linux-x86_64-debian-clang, r-devel-linux-x86_64-debian-gcc, r-devel-linux-x86_64-fedora-clang, r-devel-linux-x86_64-fedora-gcc, r-devel-windows-x86_64, r-patched-linux-x86_64, r-release-linux-x86_64, r-release-macos-arm64, r-release-macos-x86_64, r-release-windows-x86_64, r-oldrel-macos-arm64, r-oldrel-macos-x86_64, r-oldrel-windows-x86_64
Version: 1.2
Check: examples
Result: NOTE
Examples with CPU (user + system) or elapsed time > 5s
user system elapsed
GRS.optimalbootweight 6.442 0.008 8.812
GRS.optimalboot 5.969 0.056 7.764
Flavor: r-devel-linux-x86_64-debian-clang