CRAN Package Check Results for Package GPvecchia

Last updated on 2022-06-27 11:50:44 CEST.

Flavor Version Tinstall Tcheck Ttotal Status Flags
r-devel-linux-x86_64-debian-clang 0.1.3 137.99 88.40 226.39 WARN
r-devel-linux-x86_64-debian-gcc 0.1.3 108.90 57.88 166.78 OK
r-devel-linux-x86_64-fedora-clang 0.1.3 334.26 WARN
r-devel-linux-x86_64-fedora-gcc 0.1.3 283.78 OK
r-devel-windows-x86_64 0.1.3 140.00 146.00 286.00 OK
r-patched-linux-x86_64 0.1.3 113.99 74.18 188.17 OK
r-release-linux-x86_64 0.1.3 118.48 72.56 191.04 OK
r-release-macos-arm64 0.1.3 72.00 NOTE
r-release-macos-x86_64 0.1.3 205.00 NOTE
r-release-windows-x86_64 0.1.3 173.00 142.00 315.00 OK
r-oldrel-macos-arm64 0.1.3 82.00 NOTE
r-oldrel-macos-x86_64 0.1.3 130.00 NOTE
r-oldrel-windows-ix86+x86_64 0.1.3 333.00 121.00 454.00 OK

Additional issues

clang14

Check Details

Version: 0.1.3
Check: whether package can be installed
Result: WARN
    Found the following significant warnings:
     U_NZentries.cpp:27:7: warning: use of bitwise '&' with boolean operands [-Wbitwise-instead-of-logical]
Flavors: r-devel-linux-x86_64-debian-clang, r-devel-linux-x86_64-fedora-clang

Version: 0.1.3
Check: installed package size
Result: NOTE
     installed size is 6.0Mb
     sub-directories of 1Mb or more:
     libs 5.6Mb
Flavors: r-release-macos-arm64, r-release-macos-x86_64, r-oldrel-macos-arm64, r-oldrel-macos-x86_64