Last updated on 2024-04-27 10:51:02 CEST.
Flavor | Version | Tinstall | Tcheck | Ttotal | Status | Flags |
---|---|---|---|---|---|---|
r-devel-linux-x86_64-debian-clang | 1.0.2 | 16.63 | 118.56 | 135.19 | OK | |
r-devel-linux-x86_64-debian-gcc | 1.0.2 | 13.56 | 88.23 | 101.79 | OK | |
r-devel-linux-x86_64-fedora-clang | 1.0.2 | 166.96 | NOTE | |||
r-devel-linux-x86_64-fedora-gcc | 1.0.2 | 197.41 | OK | |||
r-devel-windows-x86_64 | 1.0.2 | 20.00 | 111.00 | 131.00 | OK | |
r-patched-linux-x86_64 | 1.0.2 | 19.01 | 112.18 | 131.19 | OK | |
r-release-linux-x86_64 | 1.0.2 | 15.35 | 114.66 | 130.01 | OK | |
r-release-macos-arm64 | 1.0.2 | 54.00 | OK | |||
r-release-macos-x86_64 | 1.0.2 | 156.00 | OK | |||
r-release-windows-x86_64 | 1.0.2 | 19.00 | 113.00 | 132.00 | OK | |
r-oldrel-macos-arm64 | 1.0.2 | 60.00 | OK | |||
r-oldrel-macos-x86_64 | 1.0.2 | 157.00 | OK | |||
r-oldrel-windows-x86_64 | 1.0.2 | 19.00 | 137.00 | 156.00 | OK |
Version: 1.0.2
Check: Rd cross-references
Result: NOTE
Undeclared package ‘speedglm’ in Rd xrefs
Flavor: r-devel-linux-x86_64-fedora-clang