Last updated on 2024-04-26 12:54:35 CEST.
Flavor | Version | Tinstall | Tcheck | Ttotal | Status | Flags |
---|---|---|---|---|---|---|
r-devel-linux-x86_64-debian-clang | 3.0.1 | 47.65 | 38.08 | 85.73 | NOTE | |
r-devel-linux-x86_64-debian-gcc | 3.0.1 | 39.80 | 28.93 | 68.73 | NOTE | |
r-devel-linux-x86_64-fedora-clang | 3.0.1 | 125.72 | NOTE | |||
r-devel-linux-x86_64-fedora-gcc | 3.0.1 | 127.63 | NOTE | |||
r-devel-windows-x86_64 | 3.0.1 | 42.00 | 69.00 | 111.00 | NOTE | |
r-patched-linux-x86_64 | 3.0.1 | 53.68 | 36.75 | 90.43 | NOTE | |
r-release-linux-x86_64 | 3.0.1 | 52.86 | 37.39 | 90.25 | NOTE | |
r-release-macos-arm64 | 3.0.1 | 30.00 | NOTE | |||
r-release-windows-x86_64 | 3.0.1 | 41.00 | 70.00 | 111.00 | NOTE | |
r-oldrel-macos-arm64 | 3.0.1 | 38.00 | NOTE | |||
r-oldrel-macos-x86_64 | 3.0.1 | 60.00 | NOTE | |||
r-oldrel-windows-x86_64 | 3.0.1 | 51.00 | 79.00 | 130.00 | NOTE |
Version: 3.0.1
Check: C++ specification
Result: NOTE
Specified C++11: please drop specification unless essential
Flavors: r-devel-linux-x86_64-debian-clang, r-devel-linux-x86_64-debian-gcc, r-devel-linux-x86_64-fedora-clang, r-devel-linux-x86_64-fedora-gcc, r-devel-windows-x86_64, r-patched-linux-x86_64, r-release-linux-x86_64, r-release-macos-arm64, r-release-windows-x86_64, r-oldrel-macos-arm64, r-oldrel-macos-x86_64, r-oldrel-windows-x86_64
Version: 3.0.1
Check: Rd files
Result: NOTE
checkRd: (-1) Auxil.Rd:27: Lost braces in \itemize; \value handles \item{}{} directly
checkRd: (-1) Auxil.Rd:28: Lost braces in \itemize; \value handles \item{}{} directly
checkRd: (-1) Auxil.Rd:29: Lost braces in \itemize; \value handles \item{}{} directly
checkRd: (-1) Auxil.Rd:30: Lost braces in \itemize; \value handles \item{}{} directly
checkRd: (-1) Fit.Rd:39: Lost braces in \itemize; \value handles \item{}{} directly
checkRd: (-1) Fit.Rd:40: Lost braces in \itemize; \value handles \item{}{} directly
checkRd: (-1) Fit.Rd:41: Lost braces in \itemize; \value handles \item{}{} directly
checkRd: (-1) Fit.Rd:42: Lost braces in \itemize; \value handles \item{}{} directly
checkRd: (-1) Fit.Rd:43: Lost braces in \itemize; \value handles \item{}{} directly
checkRd: (-1) Predict.Rd:21: Lost braces in \itemize; \value handles \item{}{} directly
checkRd: (-1) Predict.Rd:22: Lost braces in \itemize; \value handles \item{}{} directly
checkRd: (-1) Predict.Rd:23: Lost braces in \itemize; \value handles \item{}{} directly
Flavors: r-devel-linux-x86_64-debian-clang, r-devel-linux-x86_64-debian-gcc, r-devel-linux-x86_64-fedora-clang, r-devel-linux-x86_64-fedora-gcc, r-devel-windows-x86_64, r-patched-linux-x86_64, r-release-macos-arm64, r-release-windows-x86_64