Last updated on 2022-06-30 11:53:09 CEST.
Flavor | Version | Tinstall | Tcheck | Ttotal | Status | Flags |
---|---|---|---|---|---|---|
r-devel-linux-x86_64-debian-clang | 1.0.1 | 2.44 | 20.55 | 22.99 | NOTE | |
r-devel-linux-x86_64-debian-gcc | 1.0.1 | 2.01 | 16.18 | 18.19 | NOTE | |
r-devel-linux-x86_64-fedora-clang | 1.0.1 | 38.97 | NOTE | |||
r-devel-linux-x86_64-fedora-gcc | 1.0.1 | 38.56 | NOTE | |||
r-devel-windows-x86_64 | 1.0.1 | 10.00 | 46.00 | 56.00 | NOTE | |
r-patched-linux-x86_64 | 1.0.1 | 2.33 | 20.14 | 22.47 | NOTE | |
r-release-linux-x86_64 | 1.0.1 | 2.51 | 20.29 | 22.80 | NOTE | |
r-release-macos-arm64 | 1.0.1 | 17.00 | NOTE | |||
r-release-macos-x86_64 | 1.0.1 | 26.00 | NOTE | |||
r-release-windows-x86_64 | 1.0.1 | 5.00 | 46.00 | 51.00 | NOTE | |
r-oldrel-macos-arm64 | 1.0.1 | 18.00 | NOTE | |||
r-oldrel-macos-x86_64 | 1.0.1 | 24.00 | NOTE | |||
r-oldrel-windows-ix86+x86_64 | 1.0.1 | 6.00 | 38.00 | 44.00 | NOTE |
Version: 1.0.1
Check: LazyData
Result: NOTE
'LazyData' is specified without a 'data' directory
Flavors: r-devel-linux-x86_64-debian-clang, r-devel-linux-x86_64-debian-gcc, r-devel-linux-x86_64-fedora-clang, r-devel-linux-x86_64-fedora-gcc, r-devel-windows-x86_64, r-patched-linux-x86_64, r-release-linux-x86_64, r-release-macos-arm64, r-release-macos-x86_64, r-release-windows-x86_64, r-oldrel-macos-arm64, r-oldrel-macos-x86_64, r-oldrel-windows-ix86+x86_64
Version: 1.0.1
Check: dependencies in R code
Result: NOTE
Namespace in Imports field not imported from: ‘dplyr’
All declared Imports should be used.
Flavors: r-devel-linux-x86_64-fedora-clang, r-devel-linux-x86_64-fedora-gcc, r-release-macos-arm64, r-release-macos-x86_64, r-oldrel-macos-arm64, r-oldrel-macos-x86_64