CRAN Package Check Results for Package GPBayes

Last updated on 2022-06-27 11:50:44 CEST.

Flavor Version Tinstall Tcheck Ttotal Status Flags
r-devel-linux-x86_64-debian-clang 0.1.0-3 223.40 44.61 268.01 OK
r-devel-linux-x86_64-debian-gcc 0.1.0-3 179.20 37.28 216.48 OK
r-devel-linux-x86_64-fedora-clang 0.1.0-3 408.22 NOTE
r-devel-linux-x86_64-fedora-gcc 0.1.0-3 366.47 OK
r-devel-windows-x86_64 0.1.0-3 126.00 99.00 225.00 OK
r-patched-linux-x86_64 0.1.0-3 176.14 46.96 223.10 OK
r-release-linux-x86_64 0.1.0-3 176.58 46.46 223.04 OK
r-release-macos-arm64 0.1.0-3 79.00 NOTE
r-release-macos-x86_64 0.1.0-3 106.00 NOTE
r-release-windows-x86_64 0.1.0-3 128.00 103.00 231.00 OK
r-oldrel-macos-arm64 0.1.0-3 77.00 NOTE
r-oldrel-macos-x86_64 0.1.0-3 104.00 NOTE
r-oldrel-windows-ix86+x86_64 0.1.0-3 372.00 101.00 473.00 OK

Check Details

Version: 0.1.0-3
Check: installed package size
Result: NOTE
     installed size is 26.6Mb
     sub-directories of 1Mb or more:
     libs 26.1Mb
Flavors: r-devel-linux-x86_64-fedora-clang, r-release-macos-arm64, r-release-macos-x86_64, r-oldrel-macos-arm64, r-oldrel-macos-x86_64