Last updated on 2024-03-29 09:55:24 CET.
Flavor | Version | Tinstall | Tcheck | Ttotal | Status | Flags |
---|---|---|---|---|---|---|
r-devel-linux-x86_64-debian-clang | 0.1.0-5.1 | 223.35 | 48.52 | 271.87 | OK | |
r-devel-linux-x86_64-debian-gcc | 0.1.0-5.1 | 197.03 | 44.13 | 241.16 | OK | |
r-devel-linux-x86_64-fedora-clang | 0.1.0-5.1 | 334.90 | OK | |||
r-devel-linux-x86_64-fedora-gcc | 0.1.0-5.1 | 437.36 | OK | |||
r-devel-windows-x86_64 | 0.1.0-5.1 | 149.00 | 93.00 | 242.00 | OK | |
r-patched-linux-x86_64 | 0.1.0-5.1 | 235.50 | 56.17 | 291.67 | OK | |
r-release-linux-x86_64 | 0.1.0-5.1 | 234.67 | 58.11 | 292.78 | OK | |
r-release-macos-arm64 | 0.1.0-5.1 | 90.00 | NOTE | |||
r-release-macos-x86_64 | 0.1.0-5.1 | 152.00 | NOTE | |||
r-release-windows-x86_64 | 0.1.0-5.1 | 183.00 | 106.00 | 289.00 | OK | |
r-oldrel-macos-arm64 | 0.1.0-5.1 | 95.00 | NOTE | |||
r-oldrel-windows-x86_64 | 0.1.0-5.1 | 172.00 | 90.00 | 262.00 | OK |
Version: 0.1.0-5.1
Check: installed package size
Result: NOTE
installed size is 30.2Mb
sub-directories of 1Mb or more:
libs 29.8Mb
Flavors: r-release-macos-arm64, r-release-macos-x86_64, r-oldrel-macos-arm64