Last updated on 2023-12-02 12:48:18 CET.
Flavor | Version | Tinstall | Tcheck | Ttotal | Status | Flags |
---|---|---|---|---|---|---|
r-devel-linux-x86_64-debian-clang | 0.3.4 | 4.42 | 53.20 | 57.62 | OK | |
r-devel-linux-x86_64-debian-gcc | 0.3.4 | 4.54 | 41.06 | 45.60 | OK | |
r-devel-linux-x86_64-fedora-clang | 0.3.4 | 69.65 | NOTE | |||
r-devel-linux-x86_64-fedora-gcc | 0.3.4 | 78.13 | NOTE | |||
r-devel-windows-x86_64 | 0.3.4 | 5.00 | 78.00 | 83.00 | OK | |
r-patched-linux-x86_64 | 0.3.4 | 5.15 | 52.07 | 57.22 | OK | |
r-release-linux-x86_64 | 0.3.4 | 5.26 | 52.17 | 57.43 | OK | |
r-release-macos-arm64 | 0.3.4 | 62.00 | OK | |||
r-release-macos-x86_64 | 0.3.4 | 73.00 | OK | |||
r-release-windows-x86_64 | 0.3.4 | 5.00 | 83.00 | 88.00 | OK | |
r-oldrel-macos-arm64 | 0.3.4 | 59.00 | NOTE | |||
r-oldrel-macos-x86_64 | 0.3.4 | 69.00 | NOTE | |||
r-oldrel-windows-x86_64 | 0.3.4 | 5.00 | 94.00 | 99.00 | OK |
Version: 0.3.4
Check: data for non-ASCII characters
Result: NOTE
Note: found 3 marked UTF-8 strings
Flavors: r-devel-linux-x86_64-fedora-clang, r-devel-linux-x86_64-fedora-gcc, r-oldrel-macos-arm64, r-oldrel-macos-x86_64