CRAN Package Check Results for Package GNAR

Last updated on 2024-02-27 11:49:51 CET.

Flavor Version Tinstall Tcheck Ttotal Status Flags
r-devel-linux-x86_64-debian-clang 1.1.3 10.20 89.76 99.96 OK
r-devel-linux-x86_64-debian-gcc 1.1.3 7.99 67.12 75.11 OK
r-devel-linux-x86_64-fedora-clang 1.1.3 128.90 OK
r-devel-linux-x86_64-fedora-gcc 1.1.3 127.05 OK
r-devel-windows-x86_64 1.1.3 11.00 101.00 112.00 OK
r-patched-linux-x86_64 1.1.3 11.36 86.61 97.97 OK
r-release-linux-x86_64 1.1.3 8.89 86.03 94.92 OK
r-release-macos-arm64 1.1.3 46.00 OK
r-release-macos-x86_64 1.1.3 84.00 OK
r-release-windows-x86_64 1.1.3 15.00 112.00 127.00 OK
r-oldrel-macos-arm64 1.1.3 47.00 OK
r-oldrel-windows-x86_64 1.1.3 15.00 118.00 133.00 NOTE

Check Details

Version: 1.1.3
Check: HTML version of manual
Result: NOTE Found the following problems: get_k_stages_adjacency_tensor.Rd:58:38: Warning: nested emphasis <code> Flavor: r-oldrel-windows-x86_64