Last updated on 2025-02-01 12:48:27 CET.
Flavor | Version | Tinstall | Tcheck | Ttotal | Status | Flags |
---|---|---|---|---|---|---|
r-devel-linux-x86_64-debian-clang | 0.1.0 | 4.35 | 53.69 | 58.04 | OK | |
r-devel-linux-x86_64-debian-gcc | 0.1.0 | 2.97 | 35.84 | 38.81 | OK | |
r-devel-linux-x86_64-fedora-clang | 0.1.0 | 90.35 | OK | |||
r-devel-linux-x86_64-fedora-gcc | 0.1.0 | 83.54 | OK | |||
r-devel-windows-x86_64 | 0.1.0 | 6.00 | 67.00 | 73.00 | OK | |
r-patched-linux-x86_64 | 0.1.0 | 4.04 | 48.21 | 52.25 | NOTE | |
r-release-linux-x86_64 | 0.1.0 | 3.51 | 48.69 | 52.20 | NOTE | |
r-release-macos-arm64 | 0.1.0 | 28.00 | NOTE | |||
r-release-macos-x86_64 | 0.1.0 | 42.00 | NOTE | |||
r-release-windows-x86_64 | 0.1.0 | 5.00 | 66.00 | 71.00 | NOTE | |
r-oldrel-macos-arm64 | 0.1.0 | 27.00 | NOTE | |||
r-oldrel-macos-x86_64 | 0.1.0 | 43.00 | NOTE | |||
r-oldrel-windows-x86_64 | 0.1.0 | 7.00 | 77.00 | 84.00 | NOTE |
Version: 0.1.0
Check: LazyData
Result: NOTE
'LazyData' is specified without a 'data' directory
Flavors: r-patched-linux-x86_64, r-release-linux-x86_64, r-release-macos-arm64, r-release-macos-x86_64, r-release-windows-x86_64, r-oldrel-macos-arm64, r-oldrel-macos-x86_64, r-oldrel-windows-x86_64