Last updated on 2024-04-17 10:41:38 CEST.
Flavor | Version | Tinstall | Tcheck | Ttotal | Status | Flags |
---|---|---|---|---|---|---|
r-devel-linux-x86_64-debian-clang | 1.1.5 | 14.23 | 87.83 | 102.06 | OK | |
r-devel-linux-x86_64-debian-gcc | 1.1.5 | 11.51 | 59.52 | 71.03 | OK | |
r-devel-linux-x86_64-fedora-clang | 1.1.5 | 123.40 | NOTE | |||
r-devel-linux-x86_64-fedora-gcc | 1.1.5 | 119.04 | OK | |||
r-prerel-macos-arm64 | 1.1.5 | 30.00 | OK | |||
r-prerel-windows-x86_64 | 1.1.5 | 12.00 | 69.00 | 81.00 | OK | |
r-patched-linux-x86_64 | 1.1.5 | 12.05 | 82.66 | 94.71 | OK | |
r-release-linux-x86_64 | 1.1.5 | 13.74 | 84.24 | 97.98 | OK | |
r-release-macos-arm64 | 1.1.5 | 38.00 | OK | |||
r-release-macos-x86_64 | 1.1.5 | 95.00 | OK | |||
r-release-windows-x86_64 | 1.1.5 | 16.00 | 76.00 | 92.00 | OK | |
r-oldrel-macos-arm64 | 1.1.5 | 40.00 | OK | |||
r-oldrel-windows-x86_64 | 1.1.5 | 18.00 | 88.00 | 106.00 | OK |
Version: 1.1.5
Check: Rd cross-references
Result: NOTE
Undeclared package ‘glmmLasso’ in Rd xrefs
Flavor: r-devel-linux-x86_64-fedora-clang