Last updated on 2024-03-28 09:51:44 CET.
Flavor | Version | Tinstall | Tcheck | Ttotal | Status | Flags |
---|---|---|---|---|---|---|
r-devel-linux-x86_64-debian-clang | 1.1.5 | 173.96 | 65.44 | 239.40 | NOTE | |
r-devel-linux-x86_64-debian-gcc | 1.1.5 | 139.83 | 50.37 | 190.20 | NOTE | |
r-devel-linux-x86_64-fedora-clang | 1.1.5 | 341.80 | NOTE | |||
r-devel-linux-x86_64-fedora-gcc | 1.1.5 | 374.36 | NOTE | |||
r-devel-windows-x86_64 | 1.1.5 | 145.00 | 97.00 | 242.00 | NOTE | |
r-patched-linux-x86_64 | 1.1.5 | 171.07 | 67.13 | 238.20 | NOTE | |
r-release-linux-x86_64 | 1.1.5 | 172.07 | 63.60 | 235.67 | NOTE | |
r-release-macos-arm64 | 1.1.5 | 91.00 | NOTE | |||
r-release-macos-x86_64 | 1.1.5 | 171.00 | NOTE | |||
r-release-windows-x86_64 | 1.1.5 | 181.00 | 108.00 | 289.00 | NOTE | |
r-oldrel-macos-arm64 | 1.1.5 | 84.00 | NOTE | |||
r-oldrel-windows-x86_64 | 1.1.5 | 171.00 | 111.00 | 282.00 | NOTE |
Version: 1.1.5
Check: C++ specification
Result: NOTE
Specified C++11: please drop specification unless essential
Flavors: r-devel-linux-x86_64-debian-clang, r-devel-linux-x86_64-debian-gcc, r-devel-linux-x86_64-fedora-clang, r-devel-linux-x86_64-fedora-gcc, r-devel-windows-x86_64, r-patched-linux-x86_64, r-release-linux-x86_64, r-release-macos-arm64, r-release-macos-x86_64, r-release-windows-x86_64
Version: 1.1.5
Check: for GNU extensions in Makefiles
Result: NOTE
GNU make is a SystemRequirements.
Flavors: r-devel-linux-x86_64-debian-clang, r-devel-linux-x86_64-debian-gcc, r-devel-linux-x86_64-fedora-clang, r-devel-linux-x86_64-fedora-gcc, r-devel-windows-x86_64, r-patched-linux-x86_64, r-release-linux-x86_64, r-release-macos-arm64, r-release-macos-x86_64, r-release-windows-x86_64, r-oldrel-macos-arm64, r-oldrel-windows-x86_64
Version: 1.1.5
Check: installed package size
Result: NOTE
installed size is 9.7Mb
sub-directories of 1Mb or more:
libs 9.6Mb
Flavors: r-release-macos-arm64, r-release-macos-x86_64, r-oldrel-macos-arm64