Last updated on 2024-04-19 11:56:47 CEST.
Flavor | Version | Tinstall | Tcheck | Ttotal | Status | Flags |
---|---|---|---|---|---|---|
r-devel-linux-x86_64-debian-clang | 1.8 | 16.40 | 115.99 | 132.39 | OK | |
r-devel-linux-x86_64-debian-gcc | 1.8 | OK | ||||
r-devel-linux-x86_64-fedora-clang | 1.8 | 160.91 | NOTE | |||
r-devel-linux-x86_64-fedora-gcc | 1.8 | 153.44 | OK | |||
r-prerel-macos-arm64 | 1.8 | 44.00 | OK | |||
r-prerel-windows-x86_64 | 1.8 | 13.00 | 96.00 | 109.00 | OK | |
r-patched-linux-x86_64 | 1.8 | 14.82 | 110.26 | 125.08 | OK | |
r-release-linux-x86_64 | 1.8 | 11.32 | 110.98 | 122.30 | OK | |
r-release-macos-arm64 | 1.8 | 48.00 | OK | |||
r-release-macos-x86_64 | 1.8 | 82.00 | NOTE | |||
r-release-windows-x86_64 | 1.8 | 16.00 | 120.00 | 136.00 | OK | |
r-oldrel-macos-arm64 | 1.8 | 45.00 | OK | |||
r-oldrel-windows-x86_64 | 1.8 | 16.00 | 123.00 | 139.00 | OK |
Version: 1.8
Check: Rd cross-references
Result: NOTE
Undeclared package ‘caret’ in Rd xrefs
Flavor: r-devel-linux-x86_64-fedora-clang
Version: 1.8
Check: Rd cross-references
Result: NOTE
Package unavailable to check Rd xrefs: ‘caret’
Flavor: r-release-macos-x86_64