Last updated on 2023-09-21 12:57:14 CEST.
Flavor | Version | Tinstall | Tcheck | Ttotal | Status | Flags |
---|---|---|---|---|---|---|
r-devel-linux-x86_64-debian-clang | 0.2.5 | 166.27 | 60.69 | 226.96 | OK | |
r-devel-linux-x86_64-debian-gcc | 0.2.5 | 128.09 | 48.08 | 176.17 | OK | |
r-devel-linux-x86_64-fedora-clang | 0.2.5 | 299.40 | NOTE | |||
r-devel-linux-x86_64-fedora-gcc | 0.2.5 | 354.41 | NOTE | |||
r-devel-windows-x86_64 | 0.2.5 | 121.00 | 109.00 | 230.00 | OK | |
r-patched-linux-x86_64 | 0.2.5 | 168.36 | 61.88 | 230.24 | OK | |
r-release-linux-x86_64 | 0.2.5 | 175.54 | 61.94 | 237.48 | OK | |
r-release-macos-arm64 | 0.2.5 | 91.00 | NOTE | |||
r-release-macos-x86_64 | 0.2.5 | 136.00 | NOTE | |||
r-release-windows-x86_64 | 0.2.5 | 156.00 | 111.00 | 267.00 | OK | |
r-oldrel-macos-arm64 | 0.2.5 | 74.00 | NOTE | |||
r-oldrel-macos-x86_64 | 0.2.5 | 94.00 | NOTE | |||
r-oldrel-windows-x86_64 | 0.2.5 | 139.00 | 107.00 | 246.00 | OK |
Version: 0.2.5
Check: dependencies in R code
Result: NOTE
Namespace in Imports field not imported from: ‘ordinal’
All declared Imports should be used.
Flavors: r-devel-linux-x86_64-fedora-clang, r-devel-linux-x86_64-fedora-gcc, r-oldrel-macos-arm64, r-oldrel-macos-x86_64
Version: 0.2.5
Check: installed package size
Result: NOTE
installed size is 18.3Mb
sub-directories of 1Mb or more:
libs 18.0Mb
Flavors: r-release-macos-arm64, r-release-macos-x86_64, r-oldrel-macos-arm64, r-oldrel-macos-x86_64