Last updated on 2022-08-08 10:56:23 CEST.
Flavor | Version | Tinstall | Tcheck | Ttotal | Status | Flags |
---|---|---|---|---|---|---|
r-devel-linux-x86_64-debian-clang | 0.7 | 2.57 | 23.62 | 26.19 | OK | |
r-devel-linux-x86_64-debian-gcc | 0.7 | 2.10 | 18.57 | 20.67 | OK | |
r-devel-linux-x86_64-fedora-clang | 0.7 | 43.19 | NOTE | |||
r-devel-linux-x86_64-fedora-gcc | 0.7 | 42.59 | OK | |||
r-devel-windows-x86_64 | 0.7 | 16.00 | 45.00 | 61.00 | OK | |
r-patched-linux-x86_64 | 0.7 | 1.95 | 23.04 | 24.99 | OK | |
r-release-linux-x86_64 | 0.7 | OK | ||||
r-release-macos-arm64 | 0.7 | 15.00 | OK | |||
r-release-macos-x86_64 | 0.7 | 22.00 | OK | |||
r-release-windows-x86_64 | 0.7 | 16.00 | 43.00 | 59.00 | OK | |
r-oldrel-macos-arm64 | 0.7 | 18.00 | OK | |||
r-oldrel-macos-x86_64 | 0.7 | 23.00 | OK | |||
r-oldrel-windows-ix86+x86_64 | 0.7 | 11.00 | 47.00 | 58.00 | OK |
Version: 0.7
Check: Rd cross-references
Result: NOTE
Undeclared package ‘Runuran’ in Rd xrefs
Flavor: r-devel-linux-x86_64-fedora-clang