Last updated on 2024-04-26 12:54:34 CEST.
Flavor | Version | Tinstall | Tcheck | Ttotal | Status | Flags |
---|---|---|---|---|---|---|
r-devel-linux-x86_64-debian-clang | 1.3.2 | 16.91 | 200.75 | 217.66 | OK | |
r-devel-linux-x86_64-debian-gcc | 1.3.2 | 14.55 | 150.63 | 165.18 | OK | |
r-devel-linux-x86_64-fedora-clang | 1.3.2 | 268.31 | NOTE | |||
r-devel-linux-x86_64-fedora-gcc | 1.3.2 | 262.27 | OK | |||
r-devel-windows-x86_64 | 1.3.2 | 16.00 | 169.00 | 185.00 | NOTE | |
r-patched-linux-x86_64 | 1.3.2 | 12.90 | 190.95 | 203.85 | OK | |
r-release-linux-x86_64 | 1.3.2 | 12.47 | 193.47 | 205.94 | OK | |
r-release-macos-arm64 | 1.3.2 | 361.00 | NOTE | |||
r-release-macos-x86_64 | 1.3.2 | 493.00 | NOTE | |||
r-release-windows-x86_64 | 1.3.2 | 15.00 | 166.00 | 181.00 | NOTE | |
r-oldrel-macos-arm64 | 1.3.2 | 349.00 | NOTE | |||
r-oldrel-macos-x86_64 | 1.3.2 | 480.00 | NOTE | |||
r-oldrel-windows-x86_64 | 1.3.2 | 19.00 | 206.00 | 225.00 | NOTE |
Version: 1.3.2
Check: installed package size
Result: NOTE
installed size is 6.1Mb
sub-directories of 1Mb or more:
doc 3.4Mb
help 2.5Mb
Flavors: r-devel-linux-x86_64-fedora-clang, r-devel-windows-x86_64, r-release-macos-arm64, r-release-macos-x86_64, r-release-windows-x86_64, r-oldrel-macos-arm64, r-oldrel-macos-x86_64, r-oldrel-windows-x86_64