Last updated on 2023-09-22 12:56:28 CEST.
Flavor | Version | Tinstall | Tcheck | Ttotal | Status | Flags |
---|---|---|---|---|---|---|
r-devel-linux-x86_64-debian-clang | 1.2.0 | 19.40 | 193.30 | 212.70 | OK | |
r-devel-linux-x86_64-debian-gcc | 1.2.0 | 14.94 | 144.63 | 159.57 | OK | |
r-devel-linux-x86_64-fedora-clang | 1.2.0 | 250.54 | NOTE | |||
r-devel-linux-x86_64-fedora-gcc | 1.2.0 | 271.54 | OK | |||
r-devel-windows-x86_64 | 1.2.0 | 17.00 | 171.00 | 188.00 | NOTE | |
r-patched-linux-x86_64 | 1.2.0 | 12.41 | 182.68 | 195.09 | OK | |
r-release-linux-x86_64 | 1.2.0 | 16.48 | 185.10 | 201.58 | OK | |
r-release-macos-arm64 | 1.2.0 | 268.00 | NOTE | |||
r-release-macos-x86_64 | 1.2.0 | 348.00 | NOTE | |||
r-release-windows-x86_64 | 1.2.0 | 21.00 | 207.00 | 228.00 | NOTE | |
r-oldrel-macos-arm64 | 1.2.0 | 271.00 | NOTE | |||
r-oldrel-macos-x86_64 | 1.2.0 | 333.00 | NOTE | |||
r-oldrel-windows-x86_64 | 1.2.0 | 22.00 | 206.00 | 228.00 | NOTE |
Version: 1.2.0
Check: installed package size
Result: NOTE
installed size is 6.1Mb
sub-directories of 1Mb or more:
doc 3.3Mb
help 2.5Mb
Flavors: r-devel-linux-x86_64-fedora-clang, r-devel-windows-x86_64, r-release-macos-arm64, r-release-macos-x86_64, r-release-windows-x86_64, r-oldrel-macos-arm64, r-oldrel-macos-x86_64, r-oldrel-windows-x86_64