Last updated on 2024-05-01 12:14:23 CEST.
Flavor | Version | Tinstall | Tcheck | Ttotal | Status | Flags |
---|---|---|---|---|---|---|
r-devel-linux-x86_64-debian-clang | 1.0.0 | 13.92 | 109.00 | 122.92 | NOTE | |
r-devel-linux-x86_64-debian-gcc | 1.0.0 | 10.86 | 81.52 | 92.38 | NOTE | |
r-devel-linux-x86_64-fedora-clang | 1.0.0 | 154.88 | NOTE | |||
r-devel-linux-x86_64-fedora-gcc | 1.0.0 | 156.90 | NOTE | |||
r-devel-windows-x86_64 | 1.0.0 | 12.00 | 103.00 | 115.00 | NOTE | |
r-patched-linux-x86_64 | 1.0.0 | 8.92 | 105.35 | 114.27 | NOTE | |
r-release-linux-x86_64 | 1.0.0 | 11.95 | 105.95 | 117.90 | NOTE | |
r-release-macos-arm64 | 1.0.0 | 46.00 | NOTE | |||
r-release-windows-x86_64 | 1.0.0 | 12.00 | 102.00 | 114.00 | NOTE | |
r-oldrel-macos-arm64 | 1.0.0 | 50.00 | NOTE | |||
r-oldrel-macos-x86_64 | 1.0.0 | 86.00 | NOTE | |||
r-oldrel-windows-x86_64 | 1.0.0 | 18.00 | 127.00 | 145.00 | NOTE |
Version: 1.0.0
Check: Rd files
Result: NOTE
checkRd: (-1) constrained.Rd:37: Escaped LaTeX specials: \&
Flavors: r-devel-linux-x86_64-debian-clang, r-devel-linux-x86_64-debian-gcc, r-devel-linux-x86_64-fedora-clang, r-devel-linux-x86_64-fedora-gcc, r-devel-windows-x86_64, r-patched-linux-x86_64, r-release-linux-x86_64, r-release-macos-arm64, r-release-windows-x86_64, r-oldrel-macos-arm64, r-oldrel-macos-x86_64, r-oldrel-windows-x86_64
Version: 1.0.0
Check: dependencies in R code
Result: NOTE
Namespaces in Imports field not imported from:
‘Matrix’ ‘Rdpack’
All declared Imports should be used.
Flavors: r-devel-linux-x86_64-fedora-clang, r-devel-linux-x86_64-fedora-gcc