Last updated on 2024-04-19 11:56:46 CEST.
Flavor | Version | Tinstall | Tcheck | Ttotal | Status | Flags |
---|---|---|---|---|---|---|
r-devel-linux-x86_64-debian-clang | 0.1 | 63.59 | 26.39 | 89.98 | OK | |
r-devel-linux-x86_64-debian-gcc | 0.1 | OK | ||||
r-devel-linux-x86_64-fedora-clang | 0.1 | 123.34 | OK | |||
r-devel-linux-x86_64-fedora-gcc | 0.1 | 121.04 | OK | |||
r-prerel-macos-arm64 | 0.1 | 29.00 | NOTE | |||
r-prerel-windows-x86_64 | 0.1 | 45.00 | 59.00 | 104.00 | OK | |
r-patched-linux-x86_64 | 0.1 | 50.83 | 26.14 | 76.97 | OK | |
r-release-linux-x86_64 | 0.1 | 57.05 | 27.13 | 84.18 | OK | |
r-release-macos-arm64 | 0.1 | 35.00 | NOTE | |||
r-release-macos-x86_64 | 0.1 | 52.00 | NOTE | |||
r-release-windows-x86_64 | 0.1 | 54.00 | 66.00 | 120.00 | OK | |
r-oldrel-macos-arm64 | 0.1 | 35.00 | NOTE | |||
r-oldrel-windows-x86_64 | 0.1 | 51.00 | 68.00 | 119.00 | OK |
Version: 0.1
Check: installed package size
Result: NOTE
installed size is 7.4Mb
sub-directories of 1Mb or more:
libs 7.3Mb
Flavors: r-prerel-macos-arm64, r-release-macos-arm64, r-release-macos-x86_64, r-oldrel-macos-arm64