Last updated on 2025-05-13 10:51:16 CEST.
Flavor | Version | Tinstall | Tcheck | Ttotal | Status | Flags |
---|---|---|---|---|---|---|
r-devel-linux-x86_64-debian-clang | 0.2.0 | 6.79 | 51.78 | 58.57 | NOTE | |
r-devel-linux-x86_64-debian-gcc | 0.2.0 | 5.17 | 39.51 | 44.68 | NOTE | |
r-devel-linux-x86_64-fedora-clang | 0.2.0 | 88.34 | OK | |||
r-devel-linux-x86_64-fedora-gcc | 0.2.0 | 85.85 | OK | |||
r-devel-windows-x86_64 | 0.2.0 | 7.00 | 67.00 | 74.00 | OK | |
r-patched-linux-x86_64 | 0.2.0 | 5.72 | 49.23 | 54.95 | OK | |
r-release-linux-x86_64 | 0.2.0 | 6.23 | 49.27 | 55.50 | OK | |
r-release-macos-arm64 | 0.2.0 | 34.00 | OK | |||
r-release-macos-x86_64 | 0.2.0 | 52.00 | OK | |||
r-release-windows-x86_64 | 0.2.0 | 7.00 | 68.00 | 75.00 | OK | |
r-oldrel-macos-arm64 | 0.2.0 | 29.00 | OK | |||
r-oldrel-macos-x86_64 | 0.2.0 | 43.00 | OK | |||
r-oldrel-windows-x86_64 | 0.2.0 | 9.00 | 79.00 | 88.00 | OK |
Version: 0.2.0
Check: CRAN incoming feasibility
Result: NOTE
Maintainer: ‘Hong Zhang <hzhang@wpi.edu>’
No Authors@R field in DESCRIPTION.
Please add one, modifying
Authors@R: c(person(given = "Hong",
family = "Zhang",
role = c("aut", "cre"),
email = "hzhang@wpi.edu"),
person(given = "Zheyang",
family = "Wu",
role = "aut"))
as necessary.
The Description field contains
found in Hong Zhang and Zheyang Wu (2020) <arXiv:2003.01286>.
Please refer to arXiv e-prints via their arXiv DOI <doi:10.48550/arXiv.YYMM.NNNNN>.
Flavors: r-devel-linux-x86_64-debian-clang, r-devel-linux-x86_64-debian-gcc