CRAN Package Check Results for Package GFE

Last updated on 2022-07-06 12:53:36 CEST.

Flavor Version Tinstall Tcheck Ttotal Status Flags
r-devel-linux-x86_64-debian-clang 0.1.0 5.79 66.05 71.84 NOTE
r-devel-linux-x86_64-debian-gcc 0.1.0 4.41 47.83 52.24 NOTE
r-devel-linux-x86_64-fedora-clang 0.1.0 96.37 NOTE
r-devel-linux-x86_64-fedora-gcc 0.1.0 93.88 NOTE
r-devel-windows-x86_64 0.1.0 10.00 87.00 97.00 NOTE
r-patched-linux-x86_64 0.1.0 4.42 61.35 65.77 NOTE
r-release-linux-x86_64 0.1.0 5.00 61.44 66.44 NOTE
r-release-macos-arm64 0.1.0 28.00 NOTE
r-release-macos-x86_64 0.1.0 57.00 NOTE
r-release-windows-x86_64 0.1.0 9.00 94.00 103.00 NOTE
r-oldrel-macos-arm64 0.1.0 27.00 NOTE
r-oldrel-macos-x86_64 0.1.0 50.00 NOTE
r-oldrel-windows-ix86+x86_64 0.1.0 15.00 83.00 98.00 NOTE

Check Details

Version: 0.1.0
Check: Rd files
Result: NOTE
    checkRd: (-1) estGF.Rd:106: Escaped LaTeX specials: \&
    checkRd: (-1) estGF.Rd:107: Escaped LaTeX specials: \&
Flavors: r-devel-linux-x86_64-debian-clang, r-devel-linux-x86_64-debian-gcc, r-devel-linux-x86_64-fedora-clang, r-devel-linux-x86_64-fedora-gcc, r-devel-windows-x86_64

Version: 0.1.0
Check: LazyData
Result: NOTE
     'LazyData' is specified without a 'data' directory
Flavors: r-devel-linux-x86_64-debian-clang, r-devel-linux-x86_64-debian-gcc, r-devel-linux-x86_64-fedora-clang, r-devel-linux-x86_64-fedora-gcc, r-devel-windows-x86_64, r-patched-linux-x86_64, r-release-linux-x86_64, r-release-macos-arm64, r-release-macos-x86_64, r-release-windows-x86_64, r-oldrel-macos-arm64, r-oldrel-macos-x86_64, r-oldrel-windows-ix86+x86_64