Last updated on 2022-06-30 11:53:08 CEST.
Flavor | Version | Tinstall | Tcheck | Ttotal | Status | Flags |
---|---|---|---|---|---|---|
r-devel-linux-x86_64-debian-clang | 1.0.2 | 42.79 | 30.73 | 73.52 | OK | |
r-devel-linux-x86_64-debian-gcc | 1.0.2 | 38.86 | 23.56 | 62.42 | OK | |
r-devel-linux-x86_64-fedora-clang | 1.0.2 | 123.62 | NOTE | |||
r-devel-linux-x86_64-fedora-gcc | 1.0.2 | 109.81 | NOTE | |||
r-devel-windows-x86_64 | 1.0.2 | 46.00 | 76.00 | 122.00 | OK | |
r-patched-linux-x86_64 | 1.0.2 | 37.01 | 29.58 | 66.59 | OK | |
r-release-linux-x86_64 | 1.0.2 | 41.50 | 29.60 | 71.10 | OK | |
r-release-macos-arm64 | 1.0.2 | 33.00 | OK | |||
r-release-macos-x86_64 | 1.0.2 | 44.00 | OK | |||
r-release-windows-x86_64 | 1.0.2 | 44.00 | 76.00 | 120.00 | OK | |
r-oldrel-macos-arm64 | 1.0.2 | 36.00 | NOTE | |||
r-oldrel-macos-x86_64 | 1.0.2 | 61.00 | OK | |||
r-oldrel-windows-ix86+x86_64 | 1.0.2 | 110.00 | 76.00 | 186.00 | OK |
Version: 1.0.2
Check: compiled code
Result: NOTE
File ‘GEEaSPU/libs/GEEaSPU.so’:
Found no calls to: ‘R_registerRoutines’, ‘R_useDynamicSymbols’
It is good practice to register native routines and to disable symbol
search.
See ‘Writing portable packages’ in the ‘Writing R Extensions’ manual.
Flavors: r-devel-linux-x86_64-fedora-clang, r-devel-linux-x86_64-fedora-gcc
Version: 1.0.2
Check: installed package size
Result: NOTE
installed size is 5.1Mb
sub-directories of 1Mb or more:
libs 5.0Mb
Flavor: r-oldrel-macos-arm64