CRAN Package Check Results for Package GCSM

Last updated on 2024-03-04 12:52:15 CET.

Flavor Version Tinstall Tcheck Ttotal Status Flags
r-devel-linux-x86_64-debian-clang 0.1.1 111.72 31.05 142.77 NOTE
r-devel-linux-x86_64-debian-gcc 0.1.1 90.73 23.00 113.73 NOTE
r-devel-linux-x86_64-fedora-clang 0.1.1 211.62 NOTE
r-devel-linux-x86_64-fedora-gcc 0.1.1 220.22 NOTE
r-devel-windows-x86_64 0.1.1 78.00 67.00 145.00 NOTE
r-patched-linux-x86_64 0.1.1 115.86 30.04 145.90 NOTE
r-release-linux-x86_64 0.1.1 111.66 29.95 141.61 NOTE
r-release-macos-arm64 0.1.1 50.00 NOTE
r-release-macos-x86_64 0.1.1 85.00 NOTE
r-release-windows-x86_64 0.1.1 74.00 72.00 146.00 NOTE
r-oldrel-macos-arm64 0.1.1 45.00 OK
r-oldrel-windows-x86_64 0.1.1 96.00 71.00 167.00 OK

Check Details

Version: 0.1.1
Check: C++ specification
Result: NOTE Specified C++11: please drop specification unless essential Flavors: r-devel-linux-x86_64-debian-clang, r-devel-linux-x86_64-debian-gcc, r-devel-linux-x86_64-fedora-clang, r-devel-linux-x86_64-fedora-gcc, r-devel-windows-x86_64, r-patched-linux-x86_64, r-release-linux-x86_64, r-release-macos-arm64, r-release-macos-x86_64, r-release-windows-x86_64