CRAN Package Check Results for Package GANPA

Last updated on 2022-08-14 11:53:00 CEST.

Flavor Version Tinstall Tcheck Ttotal Status Flags
r-devel-linux-x86_64-debian-clang 1.1 1.79 24.48 26.27 NOTE
r-devel-linux-x86_64-debian-gcc 1.1 2.07 19.00 21.07 NOTE
r-devel-linux-x86_64-fedora-clang 1.1 45.47 NOTE
r-devel-linux-x86_64-fedora-gcc 1.1 43.18 NOTE
r-devel-windows-x86_64 1.1 10.00 47.00 57.00 NOTE
r-patched-linux-x86_64 1.1 2.72 23.67 26.39 OK
r-release-linux-x86_64 1.1 2.08 24.40 26.48 OK
r-release-macos-arm64 1.1 18.00 OK
r-release-macos-x86_64 1.1 21.00 OK
r-release-windows-x86_64 1.1 6.00 46.00 52.00 OK
r-oldrel-macos-arm64 1.1 18.00 OK
r-oldrel-macos-x86_64 1.1 26.00 OK
r-oldrel-windows-ix86+x86_64 1.1 6.00 38.00 44.00 OK

Check Details

Version: 1.1
Check: Rd files
Result: NOTE
    checkRd: (-1) GSE.Test.Main.Rd:23: Escaped LaTeX specials: \_
Flavors: r-devel-linux-x86_64-debian-clang, r-devel-linux-x86_64-debian-gcc, r-devel-linux-x86_64-fedora-clang, r-devel-linux-x86_64-fedora-gcc, r-devel-windows-x86_64