Last updated on 2025-04-29 12:52:36 CEST.
Flavor | Version | Tinstall | Tcheck | Ttotal | Status | Flags |
---|---|---|---|---|---|---|
r-devel-linux-x86_64-debian-clang | 1.0 | 2.38 | 37.14 | 39.52 | NOTE | |
r-devel-linux-x86_64-debian-gcc | 1.0 | 1.76 | 24.59 | 26.35 | NOTE | |
r-devel-linux-x86_64-fedora-clang | 1.0 | 61.82 | OK | |||
r-devel-linux-x86_64-fedora-gcc | 1.0 | 60.95 | OK | |||
r-devel-windows-x86_64 | 1.0 | 3.00 | 53.00 | 56.00 | OK | |
r-patched-linux-x86_64 | 1.0 | 2.73 | 34.50 | 37.23 | OK | |
r-release-linux-x86_64 | 1.0 | 2.03 | 33.37 | 35.40 | OK | |
r-release-macos-arm64 | 1.0 | 21.00 | OK | |||
r-release-macos-x86_64 | 1.0 | 47.00 | OK | |||
r-release-windows-x86_64 | 1.0 | 4.00 | 53.00 | 57.00 | OK | |
r-oldrel-macos-arm64 | 1.0 | 19.00 | OK | |||
r-oldrel-macos-x86_64 | 1.0 | 33.00 | OK | |||
r-oldrel-windows-x86_64 | 1.0 | 4.00 | 52.00 | 56.00 | OK |
Version: 1.0
Check: CRAN incoming feasibility
Result: NOTE
Maintainer: ‘Farimah Houshmand Nanehkaran <hoshmandcomputer@gmail.com>’
No Authors@R field in DESCRIPTION.
Please add one, modifying
Authors@R: c(person(given = c("Farimah", "Houshmand"),
family = "Nanehkaran",
role = c("aut", "cre"),
email = "hoshmandcomputer@gmail.com"),
person(given = c("Seyed", "Mohammad", "Reza"),
family = "Lajevardi",
role = "aut",
email = "R.Lajevardi@iaukashan.ac.ir"),
person(given = c("Mahmoud", "Mahlouji"),
family = "Bidgholi",
role = "aut",
email = "m.mahlouji@iaukashan.ac.ir"))
as necessary.
Flavors: r-devel-linux-x86_64-debian-clang, r-devel-linux-x86_64-debian-gcc
Version: 1.0
Check: examples
Result: NOTE
Examples with CPU (user + system) or elapsed time > 5s
user system elapsed
GACFF-package 4.429 0.013 5.354
Flavor: r-devel-linux-x86_64-debian-clang