Last updated on 2024-04-23 10:54:03 CEST.
Flavor | Version | Tinstall | Tcheck | Ttotal | Status | Flags |
---|---|---|---|---|---|---|
r-devel-linux-x86_64-debian-clang | 3.2.4 | 60.16 | 120.86 | 181.02 | OK | |
r-devel-linux-x86_64-debian-gcc | 3.2.4 | 42.17 | 87.08 | 129.25 | OK | |
r-devel-linux-x86_64-fedora-clang | 3.2.4 | 225.57 | NOTE | |||
r-devel-linux-x86_64-fedora-gcc | 3.2.4 | 238.73 | OK | |||
r-prerel-macos-arm64 | 3.2.4 | 61.00 | NOTE | |||
r-prerel-macos-x86_64 | 3.2.4 | 189.00 | NOTE | |||
r-prerel-windows-x86_64 | 3.2.4 | 43.00 | 118.00 | 161.00 | NOTE | |
r-patched-linux-x86_64 | 3.2.4 | 59.14 | 117.69 | 176.83 | OK | |
r-release-linux-x86_64 | 3.2.4 | 58.08 | 108.71 | 166.79 | OK | |
r-release-macos-arm64 | 3.2.4 | 63.00 | NOTE | |||
r-release-macos-x86_64 | 3.2.4 | 171.00 | NOTE | |||
r-release-windows-x86_64 | 3.2.4 | 56.00 | 134.00 | 190.00 | NOTE | |
r-oldrel-macos-arm64 | 3.2.4 | 58.00 | NOTE | |||
r-oldrel-windows-x86_64 | 3.2.4 | 54.00 | 139.00 | 193.00 | NOTE |
Version: 3.2.4
Check: installed package size
Result: NOTE
installed size is 32.9Mb
sub-directories of 1Mb or more:
doc 31.8Mb
Flavors: r-devel-linux-x86_64-fedora-clang, r-prerel-macos-arm64, r-prerel-macos-x86_64, r-prerel-windows-x86_64, r-release-macos-arm64, r-release-macos-x86_64, r-release-windows-x86_64, r-oldrel-macos-arm64, r-oldrel-windows-x86_64