CRAN Package Check Results for Package FuzzyStatTra

Last updated on 2025-04-29 12:52:36 CEST.

Flavor Version Tinstall Tcheck Ttotal Status Flags
r-devel-linux-x86_64-debian-clang 1.0 3.41 31.01 34.42 NOTE
r-devel-linux-x86_64-debian-gcc 1.0 2.31 23.48 25.79 NOTE
r-devel-linux-x86_64-fedora-clang 1.0 52.90 OK
r-devel-linux-x86_64-fedora-gcc 1.0 50.52 OK
r-devel-windows-x86_64 1.0 4.00 59.00 63.00 OK
r-patched-linux-x86_64 1.0 4.08 29.28 33.36 OK
r-release-linux-x86_64 1.0 3.21 29.36 32.57 OK
r-release-macos-arm64 1.0 20.00 OK
r-release-macos-x86_64 1.0 35.00 OK
r-release-windows-x86_64 1.0 5.00 59.00 64.00 OK
r-oldrel-macos-arm64 1.0 19.00 OK
r-oldrel-macos-x86_64 1.0 29.00 OK
r-oldrel-windows-x86_64 1.0 5.00 57.00 62.00 OK

Check Details

Version: 1.0
Check: CRAN incoming feasibility
Result: NOTE Maintainer: ‘Asun Lubiano <lubiano@uniovi.es>’ No Authors@R field in DESCRIPTION. Please add one, modifying Authors@R: c(person(given = "Asun", family = "Lubiano", role = c("aut", "cre"), email = "lubiano@uniovi.es"), person(given = c("Sara", "de", "la", "Rosa"), family = "de Saa", role = "aut", email = "rosasara@uniovi.es")) as necessary. Flavors: r-devel-linux-x86_64-debian-clang, r-devel-linux-x86_64-debian-gcc