Last updated on 2024-03-28 09:51:43 CET.
Flavor | Version | Tinstall | Tcheck | Ttotal | Status | Flags |
---|---|---|---|---|---|---|
r-devel-linux-x86_64-debian-clang | 0.2 | 16.90 | 170.68 | 187.58 | NOTE | |
r-devel-linux-x86_64-debian-gcc | 0.2 | 15.23 | 126.54 | 141.77 | NOTE | |
r-devel-linux-x86_64-fedora-clang | 0.2 | 231.99 | NOTE | |||
r-devel-linux-x86_64-fedora-gcc | 0.2 | 238.96 | NOTE | |||
r-devel-windows-x86_64 | 0.2 | 15.00 | 172.00 | 187.00 | NOTE | |
r-patched-linux-x86_64 | 0.2 | 19.50 | 171.77 | 191.27 | NOTE | |
r-release-linux-x86_64 | 0.2 | 17.15 | 170.69 | 187.84 | NOTE | |
r-release-macos-arm64 | 0.2 | 71.00 | NOTE | |||
r-release-macos-x86_64 | 0.2 | 121.00 | NOTE | |||
r-release-windows-x86_64 | 0.2 | 17.00 | 192.00 | 209.00 | NOTE | |
r-oldrel-macos-arm64 | 0.2 | 66.00 | NOTE | |||
r-oldrel-windows-x86_64 | 0.2 | 22.00 | 180.00 | 202.00 | NOTE |
Version: 0.2
Check: LazyData
Result: NOTE
'LazyData' is specified without a 'data' directory
Flavors: r-devel-linux-x86_64-debian-clang, r-devel-linux-x86_64-debian-gcc, r-devel-linux-x86_64-fedora-clang, r-devel-linux-x86_64-fedora-gcc, r-devel-windows-x86_64, r-patched-linux-x86_64, r-release-linux-x86_64, r-release-macos-arm64, r-release-macos-x86_64, r-release-windows-x86_64, r-oldrel-macos-arm64, r-oldrel-windows-x86_64