Last updated on 2024-03-28 09:51:43 CET.
Flavor | Version | Tinstall | Tcheck | Ttotal | Status | Flags |
---|---|---|---|---|---|---|
r-devel-linux-x86_64-debian-clang | 1.0 | 16.01 | 156.28 | 172.29 | OK | |
r-devel-linux-x86_64-debian-gcc | 1.0 | 14.80 | 115.61 | 130.41 | OK | |
r-devel-linux-x86_64-fedora-clang | 1.0 | 218.15 | NOTE | |||
r-devel-linux-x86_64-fedora-gcc | 1.0 | 206.58 | NOTE | |||
r-devel-windows-x86_64 | 1.0 | 20.00 | 125.00 | 145.00 | OK | |
r-patched-linux-x86_64 | 1.0 | 15.30 | 148.90 | 164.20 | OK | |
r-release-linux-x86_64 | 1.0 | 17.04 | 151.89 | 168.93 | OK | |
r-release-macos-arm64 | 1.0 | 66.00 | OK | |||
r-release-macos-x86_64 | 1.0 | 107.00 | OK | |||
r-release-windows-x86_64 | 1.0 | 23.00 | 156.00 | 179.00 | OK | |
r-oldrel-macos-arm64 | 1.0 | 56.00 | NOTE | |||
r-oldrel-windows-x86_64 | 1.0 | 24.00 | 150.00 | 174.00 | OK |
Version: 1.0
Check: dependencies in R code
Result: NOTE
Namespace in Imports field not imported from: ‘foreach’
All declared Imports should be used.
Flavors: r-devel-linux-x86_64-fedora-clang, r-devel-linux-x86_64-fedora-gcc, r-oldrel-macos-arm64