Last updated on 2025-05-06 12:49:38 CEST.
Flavor | Version | Tinstall | Tcheck | Ttotal | Status | Flags |
---|---|---|---|---|---|---|
r-devel-linux-x86_64-debian-clang | 1.0 | 5.56 | 36.43 | 41.99 | NOTE | |
r-devel-linux-x86_64-debian-gcc | 1.0 | 3.93 | 26.61 | 30.54 | NOTE | |
r-devel-linux-x86_64-fedora-clang | 1.0 | 66.19 | OK | |||
r-devel-linux-x86_64-fedora-gcc | 1.0 | 64.98 | OK | |||
r-devel-windows-x86_64 | 1.0 | 9.00 | 57.00 | 66.00 | OK | |
r-patched-linux-x86_64 | 1.0 | 6.10 | 36.41 | 42.51 | OK | |
r-release-linux-x86_64 | 1.0 | 5.74 | 35.82 | 41.56 | OK | |
r-release-macos-arm64 | 1.0 | 42.00 | OK | |||
r-release-macos-x86_64 | 1.0 | 45.00 | OK | |||
r-release-windows-x86_64 | 1.0 | 9.00 | 57.00 | 66.00 | OK | |
r-oldrel-macos-arm64 | 1.0 | 24.00 | OK | |||
r-oldrel-macos-x86_64 | 1.0 | 59.00 | OK | |||
r-oldrel-windows-x86_64 | 1.0 | 9.00 | 65.00 | 74.00 | OK |
Version: 1.0
Check: CRAN incoming feasibility
Result: NOTE
Maintainer: ‘Agostino Torti <agostino.torti@polimi.it>’
No Authors@R field in DESCRIPTION.
Please add one, modifying
Authors@R: c(person(given = "Agostino",
family = "Torti",
role = c("aut", "cre"),
email = "agostino.torti@polimi.it"),
person(given = "Marta",
family = "Galvani",
role = c("aut", "cre")),
person(given = "Alessandra",
family = "Menafoglio",
role = "aut"),
person(given = "Simone",
family = "Vantini",
role = "aut"))
as necessary.
Flavors: r-devel-linux-x86_64-debian-clang, r-devel-linux-x86_64-debian-gcc