CRAN Package Check Results for Package Fstability

Last updated on 2025-04-29 12:52:36 CEST.

Flavor Version Tinstall Tcheck Ttotal Status Flags
r-devel-linux-x86_64-debian-clang 0.1.2 1.63 16.15 17.78 NOTE
r-devel-linux-x86_64-debian-gcc 0.1.2 1.33 13.47 14.80 NOTE
r-devel-linux-x86_64-fedora-clang 0.1.2 27.70 OK
r-devel-linux-x86_64-fedora-gcc 0.1.2 27.41 OK
r-devel-windows-x86_64 0.1.2 2.00 37.00 39.00 OK
r-patched-linux-x86_64 0.1.2 1.73 15.71 17.44 OK
r-release-linux-x86_64 0.1.2 1.44 15.57 17.01 OK
r-release-macos-arm64 0.1.2 16.00 OK
r-release-macos-x86_64 0.1.2 23.00 OK
r-release-windows-x86_64 0.1.2 4.00 38.00 42.00 OK
r-oldrel-macos-arm64 0.1.2 14.00 NOTE
r-oldrel-macos-x86_64 0.1.2 22.00 NOTE
r-oldrel-windows-x86_64 0.1.2 2.00 37.00 39.00 NOTE

Check Details

Version: 0.1.2
Check: CRAN incoming feasibility
Result: NOTE Maintainer: ‘Nicolas Ewen <nicolas.ewen.math@gmail.com>’ No Authors@R field in DESCRIPTION. Please add one, modifying Authors@R: person(given = "Nicolas", family = "Ewen", role = c("aut", "cre"), email = "nicolas.ewen.math@gmail.com") as necessary. Flavors: r-devel-linux-x86_64-debian-clang, r-devel-linux-x86_64-debian-gcc

Version: 0.1.2
Check: LazyData
Result: NOTE 'LazyData' is specified without a 'data' directory Flavors: r-oldrel-macos-arm64, r-oldrel-macos-x86_64, r-oldrel-windows-x86_64