Last updated on 2025-04-29 12:52:36 CEST.
Flavor | Version | Tinstall | Tcheck | Ttotal | Status | Flags |
---|---|---|---|---|---|---|
r-devel-linux-x86_64-debian-clang | 1.1.2 | 1.81 | 20.83 | 22.64 | NOTE | |
r-devel-linux-x86_64-debian-gcc | 1.1.2 | 1.45 | 16.63 | 18.08 | NOTE | |
r-devel-linux-x86_64-fedora-clang | 1.1.2 | 35.98 | OK | |||
r-devel-linux-x86_64-fedora-gcc | 1.1.2 | 34.54 | OK | |||
r-devel-windows-x86_64 | 1.1.2 | 2.00 | 46.00 | 48.00 | OK | |
r-patched-linux-x86_64 | 1.1.2 | 1.83 | 20.04 | 21.87 | OK | |
r-release-linux-x86_64 | 1.1.2 | 1.72 | 20.11 | 21.83 | OK | |
r-release-macos-arm64 | 1.1.2 | 16.00 | OK | |||
r-release-macos-x86_64 | 1.1.2 | 25.00 | OK | |||
r-release-windows-x86_64 | 1.1.2 | 3.00 | 46.00 | 49.00 | OK | |
r-oldrel-macos-arm64 | 1.1.2 | 15.00 | OK | |||
r-oldrel-macos-x86_64 | 1.1.2 | 29.00 | OK | |||
r-oldrel-windows-x86_64 | 1.1.2 | 3.00 | 46.00 | 49.00 | OK |
Version: 1.1.2
Check: CRAN incoming feasibility
Result: NOTE
Maintainer: ‘Philipp Hermann <philipp.hermann@jku.at>’
No Authors@R field in DESCRIPTION.
Please add one, modifying
Authors@R: c(person(given = "Philipp",
family = "Hermann",
role = c("aut", "cre"),
email = "philipp.hermann@jku.at"),
person(given = "Jozef",
family = "Kiselak",
role = "aut"),
person(given = "Milan",
family = "Stehlik",
role = "aut"))
as necessary.
The BugReports field in DESCRIPTION has
https://github.com/PhHermann/FractalParameterEstimation
which should likely be
https://github.com/PhHermann/FractalParameterEstimation/issues
instead.
Flavors: r-devel-linux-x86_64-debian-clang, r-devel-linux-x86_64-debian-gcc