Last updated on 2024-05-01 12:14:22 CEST.
Flavor | Version | Tinstall | Tcheck | Ttotal | Status | Flags |
---|---|---|---|---|---|---|
r-devel-linux-x86_64-debian-clang | 1.0.1 | 3.41 | 22.33 | 25.74 | OK | |
r-devel-linux-x86_64-debian-gcc | 1.0.1 | 2.16 | 17.64 | 19.80 | OK | |
r-devel-linux-x86_64-fedora-clang | 1.0.1 | 32.34 | NOTE | |||
r-devel-linux-x86_64-fedora-gcc | 1.0.1 | 31.01 | NOTE | |||
r-devel-windows-x86_64 | 1.0.1 | 3.00 | 39.00 | 42.00 | OK | |
r-patched-linux-x86_64 | 1.0.1 | 3.12 | 21.50 | 24.62 | OK | |
r-release-linux-x86_64 | 1.0.1 | 2.77 | 21.91 | 24.68 | OK | |
r-release-macos-arm64 | 1.0.1 | 21.00 | OK | |||
r-release-windows-x86_64 | 1.0.1 | 3.00 | 40.00 | 43.00 | OK | |
r-oldrel-macos-arm64 | 1.0.1 | 17.00 | OK | |||
r-oldrel-macos-x86_64 | 1.0.1 | 23.00 | OK | |||
r-oldrel-windows-x86_64 | 1.0.1 | 5.00 | 37.00 | 42.00 | OK |
Version: 1.0.1
Check: dependencies in R code
Result: NOTE
Namespaces in Imports field not imported from:
‘R6’ ‘httr’ ‘jsonlite’
All declared Imports should be used.
Flavors: r-devel-linux-x86_64-fedora-clang, r-devel-linux-x86_64-fedora-gcc