CRAN Package Check Results for Package ForecastTB

Last updated on 2022-07-06 12:53:35 CEST.

Flavor Version Tinstall Tcheck Ttotal Status Flags
r-devel-linux-x86_64-debian-clang 1.0.1 9.05 116.08 125.13 NOTE
r-devel-linux-x86_64-debian-gcc 1.0.1 8.91 85.56 94.47 NOTE
r-devel-linux-x86_64-fedora-clang 1.0.1 156.87 NOTE
r-devel-linux-x86_64-fedora-gcc 1.0.1 155.39 NOTE
r-devel-windows-x86_64 1.0.1 26.00 134.00 160.00 NOTE
r-patched-linux-x86_64 1.0.1 8.53 107.67 116.20 NOTE
r-release-linux-x86_64 1.0.1 6.37 108.60 114.97 NOTE
r-release-macos-arm64 1.0.1 48.00 NOTE
r-release-macos-x86_64 1.0.1 91.00 NOTE
r-release-windows-x86_64 1.0.1 21.00 138.00 159.00 NOTE
r-oldrel-macos-arm64 1.0.1 68.00 NOTE
r-oldrel-macos-x86_64 1.0.1 75.00 NOTE
r-oldrel-windows-ix86+x86_64 1.0.1 26.00 187.00 213.00 NOTE

Check Details

Version: 1.0.1
Check: LazyData
Result: NOTE
     'LazyData' is specified without a 'data' directory
Flavors: r-devel-linux-x86_64-debian-clang, r-devel-linux-x86_64-debian-gcc, r-devel-linux-x86_64-fedora-clang, r-devel-linux-x86_64-fedora-gcc, r-devel-windows-x86_64, r-patched-linux-x86_64, r-release-linux-x86_64, r-release-macos-arm64, r-release-macos-x86_64, r-release-windows-x86_64, r-oldrel-macos-arm64, r-oldrel-macos-x86_64, r-oldrel-windows-ix86+x86_64

Version: 1.0.1
Check: dependencies in R code
Result: NOTE
    Namespace in Imports field not imported from: ‘decomposedPSF’
     All declared Imports should be used.
Flavors: r-devel-linux-x86_64-fedora-clang, r-devel-linux-x86_64-fedora-gcc, r-release-macos-arm64, r-release-macos-x86_64, r-oldrel-macos-arm64, r-oldrel-macos-x86_64