Last updated on 2025-11-03 11:49:42 CET.
| Flavor | Version | Tinstall | Tcheck | Ttotal | Status | Flags | 
|---|---|---|---|---|---|---|
| r-devel-linux-x86_64-debian-clang | 1.1 | 7.29 | 60.30 | 67.59 | NOTE | |
| r-devel-linux-x86_64-debian-gcc | 1.1 | 5.36 | 46.10 | 51.46 | NOTE | |
| r-devel-linux-x86_64-fedora-clang | 1.1 | 12.00 | 88.12 | 100.12 | OK | |
| r-devel-linux-x86_64-fedora-gcc | 1.1 | 15.00 | 80.21 | 95.21 | OK | |
| r-devel-windows-x86_64 | 1.1 | 8.00 | 68.00 | 76.00 | OK | |
| r-patched-linux-x86_64 | 1.1 | 6.78 | 58.08 | 64.86 | OK | |
| r-release-linux-x86_64 | 1.1 | 6.53 | 57.61 | 64.14 | OK | |
| r-release-macos-arm64 | 1.1 | 4.00 | 33.00 | 37.00 | OK | |
| r-release-macos-x86_64 | 1.1 | 7.00 | 58.00 | 65.00 | OK | |
| r-release-windows-x86_64 | 1.1 | 8.00 | 66.00 | 74.00 | OK | |
| r-oldrel-macos-arm64 | 1.1 | 3.00 | 26.00 | 29.00 | OK | |
| r-oldrel-macos-x86_64 | 1.1 | 5.00 | 41.00 | 46.00 | OK | |
| r-oldrel-windows-x86_64 | 1.1 | 9.00 | 85.00 | 94.00 | OK | 
Version: 1.1
Check: CRAN incoming feasibility
Result: NOTE
  Maintainer: ‘Eran Raviv  <eeraviv@gmail.com>’
  
  No Authors@R field in DESCRIPTION.
  Please add one, modifying
    Authors@R: person(given = "Eran",
                      family = "Raviv",
                      role = c("aut", "cre"),
                      email = "eeraviv@gmail.com")
  as necessary.
Flavors: r-devel-linux-x86_64-debian-clang, r-devel-linux-x86_64-debian-gcc