Last updated on 2024-07-17 12:40:25 CEST.
Flavor | Version | Tinstall | Tcheck | Ttotal | Status | Flags |
---|---|---|---|---|---|---|
r-devel-linux-x86_64-debian-clang | 3.1.0 | 12.09 | 98.51 | 110.60 | NOTE | |
r-devel-linux-x86_64-debian-gcc | 3.1.0 | 8.43 | 69.90 | 78.33 | NOTE | |
r-devel-linux-x86_64-fedora-clang | 3.1.0 | 133.38 | NOTE | |||
r-devel-linux-x86_64-fedora-gcc | 3.1.0 | 125.77 | NOTE | |||
r-devel-windows-x86_64 | 3.1.0 | 9.00 | 81.00 | 90.00 | NOTE | |
r-patched-linux-x86_64 | 3.1.0 | 8.36 | 90.40 | 98.76 | NOTE | |
r-release-linux-x86_64 | 3.1.0 | 7.35 | 90.15 | 97.50 | NOTE | |
r-release-macos-arm64 | 3.1.0 | 38.00 | NOTE | |||
r-release-macos-x86_64 | 3.1.0 | 81.00 | NOTE | |||
r-release-windows-x86_64 | 3.1.0 | 10.00 | 83.00 | 93.00 | NOTE | |
r-oldrel-macos-arm64 | 3.1.0 | 42.00 | NOTE | |||
r-oldrel-macos-x86_64 | 3.1.0 | 66.00 | NOTE | |||
r-oldrel-windows-x86_64 | 3.1.0 | 12.00 | 106.00 | 118.00 | NOTE |
Version: 3.1.0
Check: LazyData
Result: NOTE
'LazyData' is specified without a 'data' directory
Flavors: r-devel-linux-x86_64-debian-clang, r-devel-linux-x86_64-debian-gcc, r-devel-linux-x86_64-fedora-clang, r-devel-linux-x86_64-fedora-gcc, r-devel-windows-x86_64, r-patched-linux-x86_64, r-release-linux-x86_64, r-release-macos-arm64, r-release-macos-x86_64, r-release-windows-x86_64, r-oldrel-macos-arm64, r-oldrel-macos-x86_64, r-oldrel-windows-x86_64